Last updated on 2025-10-22 09:50:31 CEST.
Flavor | Version | Tinstall | Tcheck | Ttotal | Status | Flags |
---|---|---|---|---|---|---|
r-devel-linux-x86_64-debian-clang | 0.2.1 | 38.76 | 789.43 | 828.19 | NOTE | |
r-devel-linux-x86_64-debian-gcc | 0.2.1 | 31.15 | 597.79 | 628.94 | NOTE | |
r-devel-linux-x86_64-fedora-clang | 0.2.1 | 113.00 | 1539.37 | 1652.37 | NOTE | |
r-devel-linux-x86_64-fedora-gcc | 0.2.1 | 92.00 | 1618.94 | 1710.94 | NOTE | |
r-devel-windows-x86_64 | 0.2.1 | 37.00 | 514.00 | 551.00 | NOTE | |
r-patched-linux-x86_64 | 0.2.1 | 42.03 | 916.96 | 958.99 | NOTE | |
r-release-linux-x86_64 | 0.2.1 | 41.65 | 924.14 | 965.79 | NOTE | |
r-release-macos-arm64 | 0.2.1 | 14.00 | 107.00 | 121.00 | NOTE | |
r-release-macos-x86_64 | 0.2.1 | 28.00 | 209.00 | 237.00 | NOTE | |
r-release-windows-x86_64 | 0.2.1 | 38.00 | 510.00 | 548.00 | NOTE | |
r-oldrel-macos-arm64 | 0.2.1 | 11.00 | 62.00 | 73.00 | OK | |
r-oldrel-macos-x86_64 | 0.2.1 | 20.00 | 94.00 | 114.00 | OK | |
r-oldrel-windows-x86_64 | 0.2.1 | 50.00 | 704.00 | 754.00 | OK |
Version: 0.2.1
Check: DESCRIPTION meta-information
Result: NOTE
Missing dependency on R >= 4.1.0 because package code uses the pipe
|> or function shorthand \(...) syntax added in R 4.1.0.
File(s) using such syntax:
‘plottingfunctions.bgms.R’ ‘plottingfunctions.easybgm.R’
Flavors: r-devel-linux-x86_64-debian-clang, r-devel-linux-x86_64-debian-gcc, r-devel-linux-x86_64-fedora-clang, r-devel-linux-x86_64-fedora-gcc, r-devel-windows-x86_64, r-patched-linux-x86_64, r-release-linux-x86_64, r-release-macos-arm64, r-release-macos-x86_64, r-release-windows-x86_64
Version: 0.2.1
Check: HTML version of manual
Result: NOTE
Found the following HTML validation problems:
bgm_extract.html:50:1 (bgm_extract.Rd:12): Warning: missing </ul> before </div>
bgm_fit.html:50:1 (bgm_fit.Rd:12): Warning: missing </ul> before </div>
Flavors: r-devel-linux-x86_64-debian-clang, r-devel-linux-x86_64-debian-gcc
Version: 0.2.1
Check: tests
Result: NOTE
Running ‘testthat.R’ [405s/153s]
Running R code in ‘testthat.R’ had CPU time 2.6 times elapsed time
Flavor: r-devel-linux-x86_64-debian-gcc