Last updated on 2025-10-22 09:50:32 CEST.
Flavor | Version | Tinstall | Tcheck | Ttotal | Status | Flags |
---|---|---|---|---|---|---|
r-devel-linux-x86_64-debian-clang | 0.4.5 | 7.02 | 66.05 | 73.07 | NOTE | |
r-devel-linux-x86_64-debian-gcc | 0.4.5 | 5.00 | 47.25 | 52.25 | NOTE | |
r-devel-linux-x86_64-fedora-clang | 0.4.5 | 19.00 | 97.27 | 116.27 | OK | |
r-devel-linux-x86_64-fedora-gcc | 0.4.5 | 14.00 | 166.91 | 180.91 | OK | |
r-devel-windows-x86_64 | 0.4.5 | 8.00 | 78.00 | 86.00 | OK | |
r-patched-linux-x86_64 | 0.4.5 | 6.20 | 61.46 | 67.66 | OK | |
r-release-linux-x86_64 | 0.4.5 | 6.25 | 62.45 | 68.70 | OK | |
r-release-macos-arm64 | 0.4.5 | 3.00 | 52.00 | 55.00 | OK | |
r-release-macos-x86_64 | 0.4.5 | 4.00 | 80.00 | 84.00 | OK | |
r-release-windows-x86_64 | 0.4.5 | 10.00 | 77.00 | 87.00 | OK | |
r-oldrel-macos-arm64 | 0.4.5 | 3.00 | 45.00 | 48.00 | OK | |
r-oldrel-macos-x86_64 | 0.4.5 | 6.00 | 65.00 | 71.00 | OK | |
r-oldrel-windows-x86_64 | 0.4.5 | 13.00 | 93.00 | 106.00 | OK |
Version: 0.4.5
Check: HTML version of manual
Result: NOTE
Found the following HTML validation problems:
theme_presentation.html:50:1 (theme_presentation.Rd:12): Warning: missing </ul> before </div>
Flavors: r-devel-linux-x86_64-debian-clang, r-devel-linux-x86_64-debian-gcc