CRAN Package Check Results for Package emhawkes

Last updated on 2025-07-04 09:49:50 CEST.

Flavor Version Tinstall Tcheck Ttotal Status Flags
r-devel-linux-x86_64-debian-clang 0.9.7 6.16 350.56 356.72 NOTE
r-devel-linux-x86_64-debian-gcc 0.9.7 3.28 193.72 197.00 NOTE
r-devel-linux-x86_64-fedora-clang 0.9.7 584.80 OK
r-devel-linux-x86_64-fedora-gcc 0.9.7 590.00 OK
r-devel-windows-x86_64 0.9.7 7.00 278.00 285.00 NOTE
r-patched-linux-x86_64 0.9.7 6.72 327.32 334.04 NOTE
r-release-linux-x86_64 0.9.7 5.84 322.85 328.69 NOTE
r-release-macos-arm64 0.9.7 133.00 OK
r-release-macos-x86_64 0.9.7 386.00 OK
r-release-windows-x86_64 0.9.7 8.00 284.00 292.00 NOTE
r-oldrel-macos-arm64 0.9.7 123.00 OK
r-oldrel-macos-x86_64 0.9.7 342.00 OK
r-oldrel-windows-x86_64 0.9.7 10.00 392.00 402.00 OK

Check Details

Version: 0.9.7
Check: Rd cross-references
Result: NOTE Found the following Rd file(s) with Rd \link{} targets missing package anchors: hfit.Rd: maxLik Please provide package anchors for all Rd \link{} targets not in the package itself and the base packages. Flavors: r-devel-linux-x86_64-debian-clang, r-devel-linux-x86_64-debian-gcc, r-devel-windows-x86_64, r-patched-linux-x86_64, r-release-linux-x86_64, r-release-windows-x86_64