Last updated on 2025-10-24 09:50:01 CEST.
| Flavor | Version | Tinstall | Tcheck | Ttotal | Status | Flags |
|---|---|---|---|---|---|---|
| r-devel-linux-x86_64-debian-clang | 0.3.0 | 2.96 | 71.90 | 74.86 | NOTE | |
| r-devel-linux-x86_64-debian-gcc | 0.3.0 | 1.97 | 52.24 | 54.21 | OK | |
| r-devel-linux-x86_64-fedora-clang | 0.3.0 | 116.29 | NOTE | |||
| r-devel-linux-x86_64-fedora-gcc | 0.3.0 | 121.04 | NOTE | |||
| r-devel-windows-x86_64 | 0.3.0 | 6.00 | 88.00 | 94.00 | OK | |
| r-patched-linux-x86_64 | 0.3.0 | 3.18 | 67.32 | 70.50 | OK | |
| r-release-linux-x86_64 | 0.3.0 | 2.67 | 67.54 | 70.21 | OK | |
| r-release-macos-arm64 | 0.3.0 | 1.00 | 35.00 | 36.00 | OK | |
| r-release-macos-x86_64 | 0.3.0 | 2.00 | 77.00 | 79.00 | OK | |
| r-release-windows-x86_64 | 0.3.0 | 4.00 | 116.00 | 120.00 | OK | |
| r-oldrel-macos-arm64 | 0.3.0 | 1.00 | 37.00 | 38.00 | OK | |
| r-oldrel-macos-x86_64 | 0.3.0 | 2.00 | 56.00 | 58.00 | OK | |
| r-oldrel-windows-x86_64 | 0.3.0 | 5.00 | 133.00 | 138.00 | OK |
Version: 0.3.0
Check: HTML version of manual
Result: NOTE
Found the following HTML validation problems:
expo_fun.html:54:1 (expo_fun.Rd:13): Warning: missing </ul> before </div>
gompi_fun.html:54:1 (gompi_fun.Rd:13): Warning: missing </ul> before </div>
logi_fun.html:54:1 (logi_fun.Rd:13): Warning: missing </ul> before </div>
mono_fun.html:54:1 (mono_fun.Rd:13): Warning: missing </ul> before </div>
print.fit_lin.html:51:1 (print.fit_lin.Rd:12): Warning: missing </ul> before </div>
print.fit_nlin2.html:51:1 (print.fit_nlin2.Rd:12): Warning: missing </ul> before </div>
Flavor: r-devel-linux-x86_64-debian-clang
Version: 0.3.0
Check: dependencies in R code
Result: NOTE
Namespace in Imports field not imported from: ‘knitr’
All declared Imports should be used.
Flavors: r-devel-linux-x86_64-fedora-clang, r-devel-linux-x86_64-fedora-gcc