CRAN Package Check Results for Package eponge

Last updated on 2025-10-22 09:50:32 CEST.

Flavor Version Tinstall Tcheck Ttotal Status Flags
r-devel-linux-x86_64-debian-clang 0.1.0 1.99 26.28 28.27 OK
r-devel-linux-x86_64-debian-gcc 0.1.0 1.63 21.47 23.10 OK
r-devel-linux-x86_64-fedora-clang 0.1.0 41.50 OK
r-devel-linux-x86_64-fedora-gcc 0.1.0 38.45 OK
r-devel-windows-x86_64 0.1.0 3.00 44.00 47.00 OK
r-patched-linux-x86_64 0.1.0 2.07 23.55 25.62 OK
r-release-linux-x86_64 0.1.0 1.83 24.05 25.88 OK
r-release-macos-arm64 0.1.0 1.00 20.00 21.00 OK
r-release-macos-x86_64 0.1.0 2.00 33.00 35.00 OK
r-release-windows-x86_64 0.1.0 5.00 45.00 50.00 OK
r-oldrel-macos-arm64 0.1.0 1.00 16.00 17.00 NOTE
r-oldrel-macos-x86_64 0.1.0 2.00 23.00 25.00 NOTE
r-oldrel-windows-x86_64 0.1.0 4.00 51.00 55.00 NOTE

Check Details

Version: 0.1.0
Check: LazyData
Result: NOTE 'LazyData' is specified without a 'data' directory Flavors: r-oldrel-macos-arm64, r-oldrel-macos-x86_64, r-oldrel-windows-x86_64