CRAN Package Check Results for Package epsiwal

Last updated on 2025-10-22 09:50:32 CEST.

Flavor Version Tinstall Tcheck Ttotal Status Flags
r-devel-linux-x86_64-debian-clang 0.1.0 1.57 22.26 23.83 NOTE
r-devel-linux-x86_64-debian-gcc 0.1.0 1.41 18.05 19.46 NOTE
r-devel-linux-x86_64-fedora-clang 0.1.0 33.53 OK
r-devel-linux-x86_64-fedora-gcc 0.1.0 31.86 OK
r-devel-windows-x86_64 0.1.0 2.00 40.00 42.00 OK
r-patched-linux-x86_64 0.1.0 1.80 19.73 21.53 OK
r-release-linux-x86_64 0.1.0 1.54 19.62 21.16 OK
r-release-macos-arm64 0.1.0 1.00 15.00 16.00 OK
r-release-macos-x86_64 0.1.0 2.00 28.00 30.00 OK
r-release-windows-x86_64 0.1.0 3.00 41.00 44.00 OK
r-oldrel-macos-arm64 0.1.0 1.00 14.00 15.00 OK
r-oldrel-macos-x86_64 0.1.0 2.00 20.00 22.00 OK
r-oldrel-windows-x86_64 0.1.0 4.00 46.00 50.00 OK

Check Details

Version: 0.1.0
Check: CRAN incoming feasibility
Result: NOTE Maintainer: ‘Steven E. Pav <shabbychef@gmail.com>’ Package CITATION file contains call(s) to old-style citEntry(). Please use bibentry() instead. Flavors: r-devel-linux-x86_64-debian-clang, r-devel-linux-x86_64-debian-gcc

Version: 0.1.0
Check: HTML version of manual
Result: NOTE Found the following HTML validation problems: NEWS.html:44:81 (NEWS.Rd:16): Warning: missing </p> before <a> NEWS.html:44:5 (NEWS.Rd:16): Warning: missing </a> before <a> NEWS.html:44:208 (NEWS.Rd:16): Warning: inserting implicit <p> NEWS.html:44:212 (NEWS.Rd:16): Warning: discarding unexpected </a> NEWS.html:44:81 (NEWS.Rd:16): Warning: trimming empty <p> NEWS.html:44:208 (NEWS.Rd:16): Warning: trimming empty <p> Flavors: r-devel-linux-x86_64-debian-clang, r-devel-linux-x86_64-debian-gcc