CRAN Package Check Results for Package exuber

Last updated on 2025-07-03 09:50:40 CEST.

Flavor Version Tinstall Tcheck Ttotal Status Flags
r-devel-linux-x86_64-debian-clang 1.0.2 29.75 170.14 199.89 NOTE
r-devel-linux-x86_64-debian-gcc 1.0.2 19.33 120.16 139.49 NOTE
r-devel-linux-x86_64-fedora-clang 1.0.2 312.35 OK
r-devel-linux-x86_64-fedora-gcc 1.0.2 307.50 OK
r-devel-windows-x86_64 1.0.2 34.00 173.00 207.00 NOTE
r-patched-linux-x86_64 1.0.2 28.90 159.43 188.33 NOTE
r-release-linux-x86_64 1.0.2 25.46 158.01 183.47 NOTE
r-release-macos-arm64 1.0.2 81.00 OK
r-release-macos-x86_64 1.0.2 175.00 OK
r-release-windows-x86_64 1.0.2 37.00 178.00 215.00 NOTE
r-oldrel-macos-arm64 1.0.2 88.00 NOTE
r-oldrel-macos-x86_64 1.0.2 141.00 NOTE
r-oldrel-windows-x86_64 1.0.2 43.00 232.00 275.00 NOTE

Check Details

Version: 1.0.2
Check: Rd cross-references
Result: NOTE Found the following Rd file(s) with Rd \link{} targets missing package anchors: autoplot.ds_radf.Rd: ggplot2 Please provide package anchors for all Rd \link{} targets not in the package itself and the base packages. Flavors: r-devel-linux-x86_64-debian-clang, r-devel-linux-x86_64-debian-gcc, r-devel-windows-x86_64, r-patched-linux-x86_64, r-release-linux-x86_64, r-release-windows-x86_64

Version: 1.0.2
Check: package dependencies
Result: NOTE Package suggested but not available for checking: ‘exuberdata’ Flavors: r-oldrel-macos-arm64, r-oldrel-macos-x86_64, r-oldrel-windows-x86_64