CRAN Package Check Results for Package fabisearch

Last updated on 2025-10-22 09:50:32 CEST.

Flavor Version Tinstall Tcheck Ttotal Status Flags
r-devel-linux-x86_64-debian-clang 0.0.4.5 9.95 100.01 109.96 NOTE
r-devel-linux-x86_64-debian-gcc 0.0.4.5 9.12 74.49 83.61 NOTE
r-devel-linux-x86_64-fedora-clang 0.0.4.5 26.00 151.41 177.41 OK
r-devel-linux-x86_64-fedora-gcc 0.0.4.5 23.00 134.64 157.64 OK
r-devel-windows-x86_64 0.0.4.5 15.00 105.00 120.00 OK
r-patched-linux-x86_64 0.0.4.5 10.63 95.67 106.30 OK
r-release-linux-x86_64 0.0.4.5 10.61 94.55 105.16 OK
r-release-macos-arm64 0.0.4.5 6.00 36.00 42.00 OK
r-release-macos-x86_64 0.0.4.5 10.00 65.00 75.00 OK
r-release-windows-x86_64 0.0.4.5 15.00 103.00 118.00 OK
r-oldrel-macos-arm64 0.0.4.5 4.00 34.00 38.00 OK
r-oldrel-macos-x86_64 0.0.4.5 7.00 53.00 60.00 OK
r-oldrel-windows-x86_64 0.0.4.5 18.00 125.00 143.00 OK

Check Details

Version: 0.0.4.5
Check: CRAN incoming feasibility
Result: NOTE Maintainer: ‘Martin Ondrus <mondrus@ualberta.ca>’ The Description field contains (2021) <arXiv:2103.06347>. For a more detailed explanation and applied Please refer to arXiv e-prints via their arXiv DOI <doi:10.48550/arXiv.YYMM.NNNNN>. Flavors: r-devel-linux-x86_64-debian-clang, r-devel-linux-x86_64-debian-gcc