Last updated on 2025-10-22 09:50:33 CEST.
Flavor | Version | Tinstall | Tcheck | Ttotal | Status | Flags |
---|---|---|---|---|---|---|
r-devel-linux-x86_64-debian-clang | 1.5.0 | 64.65 | 366.79 | 431.44 | NOTE | |
r-devel-linux-x86_64-debian-gcc | 1.5.0 | 40.36 | 226.30 | 266.66 | NOTE | |
r-devel-linux-x86_64-fedora-clang | 1.5.0 | 348.00 | 353.75 | 701.75 | OK | |
r-devel-linux-x86_64-fedora-gcc | 1.5.0 | 142.00 | 496.22 | 638.22 | OK | |
r-devel-windows-x86_64 | 1.5.0 | 64.00 | 304.00 | 368.00 | OK | |
r-patched-linux-x86_64 | 1.5.0 | 73.59 | 342.35 | 415.94 | OK | |
r-release-linux-x86_64 | 1.5.0 | 60.04 | 336.75 | 396.79 | OK | |
r-release-macos-arm64 | 1.5.0 | 28.00 | 127.00 | 155.00 | OK | |
r-release-macos-x86_64 | 1.5.0 | 58.00 | 283.00 | 341.00 | OK | |
r-release-windows-x86_64 | 1.5.0 | 61.00 | 298.00 | 359.00 | OK | |
r-oldrel-macos-arm64 | 1.5.0 | 27.00 | 120.00 | 147.00 | NOTE | |
r-oldrel-macos-x86_64 | 1.5.0 | 67.00 | 225.00 | 292.00 | NOTE | |
r-oldrel-windows-x86_64 | 1.5.0 | 91.00 | 384.00 | 475.00 | NOTE |
Version: 1.5.0
Check: HTML version of manual
Result: NOTE
Found the following HTML validation problems:
dot-check_class_level_plausibility.html:123:1 (dot-check_class_level_plausibility.Rd:60): Warning: missing </ul> before </div>
dot-check_feature_availability.html:51:1 (dot-check_feature_availability.Rd:12): Warning: missing </ul> before </div>
dot-check_input_identifier_column.html:119:1 (dot-check_input_identifier_column.Rd:58): Warning: missing </ul> before </div>
dot-check_input_plot_args.html:206:1 (dot-check_input_plot_args.Rd:114): Warning: missing </ul> before </div>
dot-check_outcome_type_plausibility.html:98:1 (dot-check_outcome_type_plausibility.Rd:41): Warning: missing </ul> before </div>
dot-check_survival_time_plausibility.html:95:1 (dot-check_survival_time_plausibility.Rd:42): Warning: missing </ul> before </div>
Flavors: r-devel-linux-x86_64-debian-clang, r-devel-linux-x86_64-debian-gcc
Version: 1.5.0
Check: installed package size
Result: NOTE
installed size is 6.3Mb
sub-directories of 1Mb or more:
R 4.0Mb
help 1.2Mb
Flavors: r-oldrel-macos-arm64, r-oldrel-macos-x86_64, r-oldrel-windows-x86_64