Last updated on 2025-10-22 09:50:33 CEST.
Flavor | Version | Tinstall | Tcheck | Ttotal | Status | Flags |
---|---|---|---|---|---|---|
r-devel-linux-x86_64-debian-clang | 0.5.0 | 4.88 | 66.06 | 70.94 | NOTE | |
r-devel-linux-x86_64-debian-gcc | 0.5.0 | 3.41 | 44.77 | 48.18 | NOTE | |
r-devel-linux-x86_64-fedora-clang | 0.5.0 | 24.00 | 82.15 | 106.15 | OK | |
r-devel-linux-x86_64-fedora-gcc | 0.5.0 | 11.00 | 88.20 | 99.20 | OK | |
r-devel-windows-x86_64 | 0.5.0 | 9.00 | 82.00 | 91.00 | OK | |
r-patched-linux-x86_64 | 0.4.0 | 4.76 | 55.44 | 60.20 | OK | |
r-release-linux-x86_64 | 0.5.0 | 4.60 | 59.64 | 64.24 | OK | |
r-release-macos-arm64 | 0.5.0 | 3.00 | 30.00 | 33.00 | OK | |
r-release-macos-x86_64 | 0.5.0 | 12.00 | 75.00 | 87.00 | OK | |
r-release-windows-x86_64 | 0.5.0 | 9.00 | 87.00 | 96.00 | OK | |
r-oldrel-macos-arm64 | 0.5.0 | 6.00 | 52.00 | 58.00 | OK | |
r-oldrel-macos-x86_64 | 0.5.0 | 12.00 | 61.00 | 73.00 | OK | |
r-oldrel-windows-x86_64 | 0.5.0 | 11.00 | 98.00 | 109.00 | OK |
Version: 0.5.0
Check: top-level files
Result: NOTE
Found the following validation problem for the NEWS.Rd HTML conversion:
NEWS.html:457:1 (inst/NEWS.Rd:271): Warning: missing </ul> before </div>
NEWS.html:130:1 (inst/NEWS.Rd:74): Warning: <h4> anchor "New-Features" already defined
NEWS.html:147:1 (inst/NEWS.Rd:83): Warning: <h4> anchor "New-Features" already defined
NEWS.html:171:1 (inst/NEWS.Rd:98): Warning: <h4> anchor "Significant-User-Visible-Changes" already defined
NEWS.html:190:1 (inst/NEWS.Rd:110): Warning: <h4> anchor "Bug-Fixes" already defined
NEWS.html:212:1 (inst/NEWS.Rd:124): Warning: <h4> anchor "New-Features" already defined
NEWS.html:255:1 (inst/NEWS.Rd:150): Warning: <h4> anchor "Significant-User-Visible-Changes" already defined
NEWS.html:287:1 (inst/NEWS.Rd:172): Warning: <h4> anchor "Bug-Fixes" already defined
NEWS.html:305:1 (inst/NEWS.Rd:183): Warning: <h4> anchor "New-Features" already defined
NEWS.html:319:1 (inst/NEWS.Rd:191): Warning: <h4> anchor "Installation" already defined
NEWS.html:337:1 (inst/NEWS.Rd:201): Warning: <h4> anchor "Significant-User-Visible-Changes" already defined
NEWS.html:379:1 (inst/NEWS.Rd:231): Warning: <h4> anchor "New-Features" already defined
NEWS.html:392:1 (inst/NEWS.Rd:238): Warning: <h4> anchor "Installation" already defined
NEWS.html:410:1 (inst/NEWS.Rd:248): Warning: <h4> anchor "Bug-Fixes" already defined
NEWS.html:422:1 (inst/NEWS.Rd:254): Warning: <h4> anchor "New-Features" already defined
NEWS.html:438:1 (inst/NEWS.Rd:263): Warning: <h4> anchor "Installation" already defined
Flavors: r-devel-linux-x86_64-debian-clang, r-devel-linux-x86_64-debian-gcc