Last updated on 2025-10-22 09:50:33 CEST.
Flavor | Version | Tinstall | Tcheck | Ttotal | Status | Flags |
---|---|---|---|---|---|---|
r-devel-linux-x86_64-debian-clang | 0.0.3 | 97.95 | 54.80 | 152.75 | NOTE | |
r-devel-linux-x86_64-debian-gcc | 0.0.3 | 80.98 | 51.40 | 132.38 | NOTE | |
r-devel-linux-x86_64-fedora-clang | 0.0.3 | 182.00 | 67.43 | 249.43 | NOTE | |
r-devel-linux-x86_64-fedora-gcc | 0.0.3 | 219.00 | 96.46 | 315.46 | NOTE | |
r-devel-windows-x86_64 | 0.0.3 | 107.00 | 102.00 | 209.00 | NOTE | |
r-patched-linux-x86_64 | 0.0.3 | 117.49 | 63.75 | 181.24 | NOTE | |
r-release-linux-x86_64 | 0.0.3 | 110.43 | 61.96 | 172.39 | NOTE | |
r-release-macos-arm64 | 0.0.3 | 44.00 | 53.00 | 97.00 | NOTE | |
r-release-macos-x86_64 | 0.0.3 | 79.00 | 90.00 | 169.00 | NOTE | |
r-release-windows-x86_64 | 0.0.3 | 106.00 | 103.00 | 209.00 | NOTE | |
r-oldrel-macos-arm64 | 0.0.3 | 37.00 | 44.00 | 81.00 | NOTE | |
r-oldrel-macos-x86_64 | 0.0.3 | 58.00 | 57.00 | 115.00 | NOTE | |
r-oldrel-windows-x86_64 | 0.0.3 | 124.00 | 118.00 | 242.00 | NOTE |
Version: 0.0.3
Check: C++ specification
Result: NOTE
Specified C++11: please drop specification unless essential
Flavors: r-devel-linux-x86_64-debian-clang, r-devel-linux-x86_64-debian-gcc, r-devel-linux-x86_64-fedora-clang, r-devel-linux-x86_64-fedora-gcc, r-devel-windows-x86_64, r-patched-linux-x86_64, r-release-linux-x86_64, r-release-macos-arm64, r-release-macos-x86_64, r-release-windows-x86_64, r-oldrel-macos-arm64, r-oldrel-macos-x86_64, r-oldrel-windows-x86_64
Version: 0.0.3
Check: HTML version of manual
Result: NOTE
Found the following HTML validation problems:
extract-methods.html:56:1 (extract-methods.Rd:16): Warning: missing </ul> before </div>
predict.fastglm.html:81:1 (predict.fastglm.Rd:34): Warning: missing </ul> before </div>
print.html:51:1 (print.Rd:12): Warning: missing </ul> before </div>
Flavors: r-devel-linux-x86_64-debian-clang, r-devel-linux-x86_64-debian-gcc
Version: 0.0.3
Check: installed package size
Result: NOTE
installed size is 50.4Mb
sub-directories of 1Mb or more:
libs 50.2Mb
Flavors: r-oldrel-macos-arm64, r-oldrel-macos-x86_64