CRAN Package Check Results for Package fftwtools

Last updated on 2025-10-22 09:50:33 CEST.

Flavor Version Tinstall Tcheck Ttotal Status Flags
r-devel-linux-x86_64-debian-clang 0.9-11 4.13 26.86 30.99 NOTE
r-devel-linux-x86_64-debian-gcc 0.9-11 3.35 22.02 25.37 NOTE
r-devel-linux-x86_64-fedora-clang 0.9-11 12.00 34.74 46.74 OK
r-devel-linux-x86_64-fedora-gcc 0.9-11 56.78 OK
r-devel-windows-x86_64 0.9-11 7.00 65.00 72.00 OK
r-patched-linux-x86_64 0.9-11 3.14 25.76 28.90 OK
r-release-linux-x86_64 0.9-11 2.92 25.85 28.77 OK
r-release-macos-arm64 0.9-11 7.00 23.00 30.00 OK
r-release-macos-x86_64 0.9-11 13.00 58.00 71.00 OK
r-release-windows-x86_64 0.9-11 8.00 77.00 85.00 OK
r-oldrel-macos-arm64 0.9-11 7.00 25.00 32.00 OK
r-oldrel-macos-x86_64 0.9-11 8.00 48.00 56.00 OK
r-oldrel-windows-x86_64 0.9-11 5.00 69.00 74.00 OK

Check Details

Version: 0.9-11
Check: CRAN incoming feasibility
Result: NOTE Maintainer: ‘Karim Rahim <karim.rahim@queensu.ca>’ No Authors@R field in DESCRIPTION. Please add one, modifying Authors@R: person(given = "Karim", family = "Rahim", role = c("aut", "cre"), email = "karim.rahim@queensu.ca") as necessary. Flavors: r-devel-linux-x86_64-debian-clang, r-devel-linux-x86_64-debian-gcc