Last updated on 2025-07-04 09:49:51 CEST.
Flavor | Version | Tinstall | Tcheck | Ttotal | Status | Flags |
---|---|---|---|---|---|---|
r-devel-linux-x86_64-debian-clang | 0.9.1 | 12.42 | 99.65 | 112.07 | OK | |
r-devel-linux-x86_64-debian-gcc | 0.9.1 | 8.57 | 76.93 | 85.50 | OK | |
r-devel-linux-x86_64-fedora-clang | 0.9.1 | 179.55 | OK | |||
r-devel-linux-x86_64-fedora-gcc | 0.9.1 | 168.16 | OK | |||
r-devel-windows-x86_64 | 0.9.1 | 14.00 | 108.00 | 122.00 | OK | |
r-patched-linux-x86_64 | 0.9.1 | 10.87 | 98.12 | 108.99 | OK | |
r-release-linux-x86_64 | 0.9.1 | 10.44 | 98.52 | 108.96 | OK | |
r-release-macos-arm64 | 0.9.1 | 49.00 | OK | |||
r-release-macos-x86_64 | 0.9.1 | 115.00 | OK | |||
r-release-windows-x86_64 | 0.9.1 | 14.00 | 109.00 | 123.00 | OK | |
r-oldrel-macos-arm64 | 0.9.1 | 52.00 | OK | |||
r-oldrel-macos-x86_64 | 0.9.1 | 76.00 | NOTE | |||
r-oldrel-windows-x86_64 | 0.9.1 | 18.00 | 136.00 | 154.00 | OK |
Version: 0.9.1
Check: package dependencies
Result: NOTE
Package suggested but not available for checking: ‘TreeSummarizedExperiment’
Flavor: r-oldrel-macos-x86_64