Last updated on 2025-10-22 09:50:33 CEST.
Flavor | Version | Tinstall | Tcheck | Ttotal | Status | Flags |
---|---|---|---|---|---|---|
r-devel-linux-x86_64-debian-clang | 0.1.0 | 3.63 | 31.42 | 35.05 | NOTE | |
r-devel-linux-x86_64-debian-gcc | 0.1.0 | 2.64 | 25.07 | 27.71 | NOTE | |
r-devel-linux-x86_64-fedora-clang | 0.1.0 | 53.13 | OK | |||
r-devel-linux-x86_64-fedora-gcc | 0.1.0 | 48.83 | OK | |||
r-devel-windows-x86_64 | 0.1.0 | 5.00 | 53.00 | 58.00 | OK | |
r-patched-linux-x86_64 | 0.1.0 | 3.17 | 28.52 | 31.69 | OK | |
r-release-linux-x86_64 | 0.1.0 | 2.92 | 29.44 | 32.36 | OK | |
r-release-macos-arm64 | 0.1.0 | 2.00 | 23.00 | 25.00 | OK | |
r-release-macos-x86_64 | 0.1.0 | 5.00 | 37.00 | 42.00 | OK | |
r-release-windows-x86_64 | 0.1.0 | 4.00 | 53.00 | 57.00 | OK | |
r-oldrel-macos-arm64 | 0.1.0 | 2.00 | 28.00 | 30.00 | OK | |
r-oldrel-macos-x86_64 | 0.1.0 | 3.00 | 44.00 | 47.00 | OK | |
r-oldrel-windows-x86_64 | 0.1.0 | 6.00 | 60.00 | 66.00 | OK |
Version: 0.1.0
Check: HTML version of manual
Result: NOTE
Found the following HTML validation problems:
ReverseProxy.html:137:1 (ReverseProxy.Rd:99): Warning: <h5> anchor "Usage" already defined
ReverseProxy.html:143:1 (ReverseProxy.Rd:103): Warning: <h5> anchor "Arguments" already defined
ReverseProxy.html:168:1 (ReverseProxy.Rd:118): Warning: <h5> anchor "Usage" already defined
ReverseProxy.html:174:1 (ReverseProxy.Rd:122): Warning: <h5> anchor "Arguments" already defined
Flavors: r-devel-linux-x86_64-debian-clang, r-devel-linux-x86_64-debian-gcc