Last updated on 2025-10-22 09:50:33 CEST.
Flavor | Version | Tinstall | Tcheck | Ttotal | Status | Flags |
---|---|---|---|---|---|---|
r-devel-linux-x86_64-debian-clang | 1.0.2 | 10.74 | 101.28 | 112.02 | NOTE | |
r-devel-linux-x86_64-debian-gcc | 1.0.2 | 7.89 | 71.69 | 79.58 | NOTE | |
r-devel-linux-x86_64-fedora-clang | 1.0.2 | 32.00 | 146.47 | 178.47 | OK | |
r-devel-linux-x86_64-fedora-gcc | 1.0.2 | 23.00 | 139.85 | 162.85 | OK | |
r-devel-windows-x86_64 | 1.0.2 | 13.00 | 104.00 | 117.00 | OK | |
r-patched-linux-x86_64 | 1.0.2 | 10.54 | 94.87 | 105.41 | OK | |
r-release-linux-x86_64 | 1.0.2 | 10.02 | 95.00 | 105.02 | OK | |
r-release-macos-arm64 | 1.0.2 | 5.00 | 43.00 | 48.00 | OK | |
r-release-macos-x86_64 | 1.0.2 | 10.00 | 80.00 | 90.00 | OK | |
r-release-windows-x86_64 | 1.0.2 | 14.00 | 105.00 | 119.00 | OK | |
r-oldrel-macos-arm64 | 1.0.2 | 5.00 | 44.00 | 49.00 | OK | |
r-oldrel-macos-x86_64 | 1.0.2 | 9.00 | 88.00 | 97.00 | OK | |
r-oldrel-windows-x86_64 | 1.0.2 | 16.00 | 132.00 | 148.00 | OK |
Version: 1.0.2
Check: HTML version of manual
Result: NOTE
Found the following HTML validation problems:
alba_boot.html:58:1 (alba_boot.Rd:17): Warning: missing </ul> before </div>
bonito_boot.html:63:1 (bonito_boot.Rd:12): Warning: missing </ul> before </div>
Flavors: r-devel-linux-x86_64-debian-clang, r-devel-linux-x86_64-debian-gcc