Last updated on 2025-10-22 09:50:33 CEST.
Flavor | Version | Tinstall | Tcheck | Ttotal | Status | Flags |
---|---|---|---|---|---|---|
r-devel-linux-x86_64-debian-clang | 0.64 | 3.77 | 37.46 | 41.23 | NOTE | |
r-devel-linux-x86_64-debian-gcc | 0.64 | 2.31 | 27.75 | 30.06 | NOTE | |
r-devel-linux-x86_64-fedora-clang | 0.64 | 14.00 | 50.86 | 64.86 | OK | |
r-devel-linux-x86_64-fedora-gcc | 0.64 | 58.32 | OK | |||
r-devel-windows-x86_64 | 0.64 | 4.00 | 54.00 | 58.00 | OK | |
r-patched-linux-x86_64 | 0.64 | 3.34 | 34.70 | 38.04 | OK | |
r-release-linux-x86_64 | 0.64 | 2.94 | 34.80 | 37.74 | OK | |
r-release-macos-arm64 | 0.64 | 2.00 | 23.00 | 25.00 | OK | |
r-release-macos-x86_64 | 0.64 | 3.00 | 35.00 | 38.00 | OK | |
r-release-windows-x86_64 | 0.64 | 4.00 | 56.00 | 60.00 | OK | |
r-oldrel-macos-arm64 | 0.64 | 2.00 | 26.00 | 28.00 | OK | |
r-oldrel-macos-x86_64 | 0.64 | 2.00 | 29.00 | 31.00 | OK | |
r-oldrel-windows-x86_64 | 0.64 | 6.00 | 65.00 | 71.00 | OK |
Version: 0.64
Check: HTML version of manual
Result: NOTE
Found the following HTML validation problems:
center.html:53:1 (center.Rd:14): Warning: missing </ul> before </div>
summary.covfm.html:57:1 (summary.covfm.Rd:16): Warning: missing </ul> before </div>
vcor.html:56:1 (vcor.Rd:14): Warning: missing </ul> before </div>
Flavors: r-devel-linux-x86_64-debian-clang, r-devel-linux-x86_64-debian-gcc