Last updated on 2025-10-23 09:50:45 CEST.
| Flavor | Version | Tinstall | Tcheck | Ttotal | Status | Flags |
|---|---|---|---|---|---|---|
| r-devel-linux-x86_64-debian-clang | 0.1.0 | 2.21 | 28.30 | 30.51 | NOTE | |
| r-devel-linux-x86_64-debian-gcc | 0.1.0 | 1.86 | 22.84 | 24.70 | OK | |
| r-devel-linux-x86_64-fedora-clang | 0.1.0 | 46.23 | OK | |||
| r-devel-linux-x86_64-fedora-gcc | 0.1.0 | 58.14 | OK | |||
| r-devel-windows-x86_64 | 0.1.0 | 4.00 | 44.00 | 48.00 | OK | |
| r-patched-linux-x86_64 | 0.1.0 | 2.02 | 26.06 | 28.08 | OK | |
| r-release-linux-x86_64 | 0.1.0 | 2.41 | 26.23 | 28.64 | OK | |
| r-release-macos-arm64 | 0.1.0 | 3.00 | 47.00 | 50.00 | OK | |
| r-release-macos-x86_64 | 0.1.0 | 4.00 | 60.00 | 64.00 | OK | |
| r-release-windows-x86_64 | 0.1.0 | 5.00 | 47.00 | 52.00 | OK | |
| r-oldrel-macos-arm64 | 0.1.0 | 1.00 | 22.00 | 23.00 | NOTE | |
| r-oldrel-macos-x86_64 | 0.1.0 | 2.00 | 33.00 | 35.00 | NOTE | |
| r-oldrel-windows-x86_64 | 0.1.0 | 5.00 | 52.00 | 57.00 | NOTE |
Version: 0.1.0
Check: HTML version of manual
Result: NOTE
Found the following HTML validation problems:
flashCard-shiny.html:70:1 (flashCard-shiny.Rd:25): Warning: missing </ul> before </div>
Flavor: r-devel-linux-x86_64-debian-clang
Version: 0.1.0
Check: LazyData
Result: NOTE
'LazyData' is specified without a 'data' directory
Flavors: r-oldrel-macos-arm64, r-oldrel-macos-x86_64, r-oldrel-windows-x86_64