CRAN Package Check Results for Package flatr

Last updated on 2025-10-22 09:50:33 CEST.

Flavor Version Tinstall Tcheck Ttotal Status Flags
r-devel-linux-x86_64-debian-clang 0.1.1 4.08 37.23 41.31 NOTE
r-devel-linux-x86_64-debian-gcc 0.1.1 3.00 27.74 30.74 NOTE
r-devel-linux-x86_64-fedora-clang 0.1.1 13.00 50.52 63.52 OK
r-devel-linux-x86_64-fedora-gcc 0.1.1 56.21 OK
r-devel-windows-x86_64 0.1.1 6.00 51.00 57.00 OK
r-patched-linux-x86_64 0.1.1 3.99 33.30 37.29 OK
r-release-linux-x86_64 0.1.1 3.99 33.50 37.49 OK
r-release-macos-arm64 0.1.1 3.00 26.00 29.00 OK
r-release-macos-x86_64 0.1.1 4.00 48.00 52.00 OK
r-release-windows-x86_64 0.1.1 6.00 52.00 58.00 OK
r-oldrel-macos-arm64 0.1.1 2.00 18.00 20.00 OK
r-oldrel-macos-x86_64 0.1.1 3.00 28.00 31.00 OK
r-oldrel-windows-x86_64 0.1.1 7.00 62.00 69.00 OK

Check Details

Version: 0.1.1
Check: CRAN incoming feasibility
Result: NOTE Maintainer: ‘Scott D. Graham <scott.grah95@gmail.com>’ No Authors@R field in DESCRIPTION. Please add one, modifying Authors@R: person(given = c("Scott", "D."), family = "Graham", role = c("aut", "cre"), email = "scott.grah95@gmail.com") as necessary. Flavors: r-devel-linux-x86_64-debian-clang, r-devel-linux-x86_64-debian-gcc

Version: 0.1.1
Check: HTML version of manual
Result: NOTE Found the following HTML validation problems: print.ct_goodness_of_fit.html:51:1 (print.ct_goodness_of_fit.Rd:12): Warning: missing </ul> before </div> Flavors: r-devel-linux-x86_64-debian-clang, r-devel-linux-x86_64-debian-gcc