CRAN Package Check Results for Package flippant

Last updated on 2025-07-04 09:49:51 CEST.

Flavor Version Tinstall Tcheck Ttotal Status Flags
r-devel-linux-x86_64-debian-clang 1.5.5 7.30 57.73 65.03 NOTE
r-devel-linux-x86_64-debian-gcc 1.5.5 4.75 42.59 47.34 NOTE
r-devel-linux-x86_64-fedora-clang 1.5.5 100.98 OK
r-devel-linux-x86_64-fedora-gcc 1.5.5 94.62 OK
r-devel-windows-x86_64 1.5.5 9.00 70.00 79.00 NOTE
r-patched-linux-x86_64 1.5.5 7.07 54.75 61.82 NOTE
r-release-linux-x86_64 1.5.5 6.05 53.93 59.98 NOTE
r-release-macos-arm64 1.5.5 50.00 OK
r-release-macos-x86_64 1.5.5 54.00 OK
r-release-windows-x86_64 1.5.5 9.00 70.00 79.00 NOTE
r-oldrel-macos-arm64 1.5.5 29.00 OK
r-oldrel-macos-x86_64 1.5.5 43.00 OK
r-oldrel-windows-x86_64 1.5.5 11.00 88.00 99.00 OK

Check Details

Version: 1.5.5
Check: Rd cross-references
Result: NOTE Found the following Rd file(s) with Rd \link{} targets missing package anchors: scramblase_assay_plot.Rd: facet_wrap, ggplot, nlsLM, geom_line, geom_segment, geom_point Please provide package anchors for all Rd \link{} targets not in the package itself and the base packages. Flavors: r-devel-linux-x86_64-debian-clang, r-devel-linux-x86_64-debian-gcc, r-devel-windows-x86_64, r-patched-linux-x86_64, r-release-linux-x86_64, r-release-windows-x86_64