Last updated on 2025-07-04 09:49:51 CEST.
Flavor | Version | Tinstall | Tcheck | Ttotal | Status | Flags |
---|---|---|---|---|---|---|
r-devel-linux-x86_64-debian-clang | 0.3.3 | 21.76 | 110.18 | 131.94 | OK | |
r-devel-linux-x86_64-debian-gcc | 0.3.3 | 14.69 | 80.08 | 94.77 | OK | |
r-devel-linux-x86_64-fedora-clang | 0.3.3 | 201.47 | OK | |||
r-devel-linux-x86_64-fedora-gcc | 0.3.3 | 202.83 | OK | |||
r-devel-windows-x86_64 | 0.3.3 | 29.00 | 120.00 | 149.00 | OK | |
r-patched-linux-x86_64 | 0.3.3 | 22.18 | 106.39 | 128.57 | OK | |
r-release-linux-x86_64 | 0.3.3 | 19.45 | 105.56 | 125.01 | OK | |
r-release-macos-arm64 | 0.3.3 | 80.00 | OK | |||
r-release-macos-x86_64 | 0.3.3 | 105.00 | OK | |||
r-release-windows-x86_64 | 0.3.3 | 31.00 | 118.00 | 149.00 | OK | |
r-oldrel-macos-arm64 | 0.3.3 | 52.00 | NOTE | |||
r-oldrel-macos-x86_64 | 0.3.3 | 87.00 | NOTE | |||
r-oldrel-windows-x86_64 | 0.3.3 | 34.00 | 151.00 | 185.00 | NOTE |
Version: 0.3.3
Check: installed package size
Result: NOTE
installed size is 10.6Mb
sub-directories of 1Mb or more:
doc 9.1Mb
Flavors: r-oldrel-macos-arm64, r-oldrel-macos-x86_64, r-oldrel-windows-x86_64