CRAN Package Check Results for Package flock

Last updated on 2025-07-04 09:49:51 CEST.

Flavor Version Tinstall Tcheck Ttotal Status Flags
r-devel-linux-x86_64-debian-clang 0.7 10.58 22.20 32.78 NOTE
r-devel-linux-x86_64-debian-gcc 0.7 6.39 17.85 24.24 NOTE
r-devel-linux-x86_64-fedora-clang 0.7 54.21 NOTE
r-devel-linux-x86_64-fedora-gcc 0.7 48.18 NOTE
r-devel-windows-x86_64 0.7 17.00 62.00 79.00 OK
r-patched-linux-x86_64 0.7 10.03 20.89 30.92 OK
r-release-linux-x86_64 0.7 8.18 20.90 29.08 OK
r-release-macos-arm64 0.7 21.00 OK
r-release-macos-x86_64 0.7 35.00 OK
r-release-windows-x86_64 0.7 16.00 65.00 81.00 OK
r-oldrel-macos-arm64 0.7 25.00 OK
r-oldrel-macos-x86_64 0.7 29.00 OK
r-oldrel-windows-x86_64 0.7 18.00 69.00 87.00 OK

Check Details

Version: 0.7
Check: CRAN incoming feasibility
Result: NOTE Maintainer: ‘Ivan Popivanov <ivan.popivanov@gmail.com>’ No Authors@R field in DESCRIPTION. Please add one, modifying Authors@R: person(given = "Ivan", family = "Popivanov", role = c("aut", "cre"), email = "ivan.popivanov@gmail.com") as necessary. Flavors: r-devel-linux-x86_64-debian-clang, r-devel-linux-x86_64-debian-gcc

Version: 0.7
Check: compiled code
Result: NOTE File ‘flock/libs/flock.so’: Found no calls to: ‘R_registerRoutines’, ‘R_useDynamicSymbols’ It is good practice to register native routines and to disable symbol search. See ‘Writing portable packages’ in the ‘Writing R Extensions’ manual. Flavors: r-devel-linux-x86_64-fedora-clang, r-devel-linux-x86_64-fedora-gcc