CRAN Package Check Results for Package fomantic.plus

Last updated on 2025-10-22 09:50:33 CEST.

Flavor Version Tinstall Tcheck Ttotal Status Flags
r-devel-linux-x86_64-debian-clang 0.1.0 4.01 40.91 44.92 NOTE
r-devel-linux-x86_64-debian-gcc 0.1.0 2.90 32.15 35.05 NOTE
r-devel-linux-x86_64-fedora-clang 0.1.0 23.00 48.81 71.81 NOTE
r-devel-linux-x86_64-fedora-gcc 0.1.0 80.11 NOTE
r-devel-windows-x86_64 0.1.0 6.00 58.00 64.00 NOTE
r-patched-linux-x86_64 0.1.0 3.89 38.40 42.29 NOTE
r-release-linux-x86_64 0.1.0 3.84 38.18 42.02 NOTE
r-release-macos-arm64 0.1.0 2.00 41.00 43.00 NOTE
r-release-macos-x86_64 0.1.0 4.00 47.00 51.00 NOTE
r-release-windows-x86_64 0.1.0 8.00 60.00 68.00 NOTE
r-oldrel-macos-arm64 0.1.0 2.00 30.00 32.00 NOTE
r-oldrel-macos-x86_64 0.1.0 5.00 67.00 72.00 NOTE
r-oldrel-windows-x86_64 0.1.0 8.00 68.00 76.00 NOTE

Check Details

Version: 0.1.0
Check: Rd files
Result: NOTE checkRd: (-1) navbar_page.Rd:36: Lost braces in \itemize; meant \describe ? checkRd: (-1) navbar_page.Rd:37: Lost braces in \itemize; meant \describe ? checkRd: (-1) navbar_page.Rd:38: Lost braces in \itemize; meant \describe ? Flavors: r-devel-linux-x86_64-debian-clang, r-devel-linux-x86_64-debian-gcc, r-devel-linux-x86_64-fedora-clang, r-devel-linux-x86_64-fedora-gcc, r-devel-windows-x86_64, r-patched-linux-x86_64, r-release-linux-x86_64, r-release-macos-arm64, r-release-macos-x86_64, r-release-windows-x86_64, r-oldrel-macos-arm64, r-oldrel-macos-x86_64, r-oldrel-windows-x86_64