CRAN Package Check Results for Package forestError

Last updated on 2025-07-03 09:50:41 CEST.

Flavor Version Tinstall Tcheck Ttotal Status Flags
r-devel-linux-x86_64-debian-clang 1.1.0 3.56 30.84 34.40 NOTE
r-devel-linux-x86_64-debian-gcc 1.1.0 2.08 23.73 25.81 NOTE
r-devel-linux-x86_64-fedora-clang 1.1.0 50.14 OK
r-devel-linux-x86_64-fedora-gcc 1.1.0 49.97 OK
r-devel-windows-x86_64 1.1.0 5.00 47.00 52.00 OK
r-patched-linux-x86_64 1.1.0 3.26 27.72 30.98 OK
r-release-linux-x86_64 1.1.0 3.09 27.29 30.38 OK
r-release-macos-arm64 1.1.0 21.00 OK
r-release-macos-x86_64 1.1.0 34.00 OK
r-release-windows-x86_64 1.1.0 4.00 51.00 55.00 OK
r-oldrel-macos-arm64 1.1.0 19.00 OK
r-oldrel-macos-x86_64 1.1.0 27.00 OK
r-oldrel-windows-x86_64 1.1.0 6.00 56.00 62.00 OK

Check Details

Version: 1.1.0
Check: CRAN incoming feasibility
Result: NOTE Maintainer: ‘Benjamin Lu <b.lu@berkeley.edu>’ No Authors@R field in DESCRIPTION. Please add one, modifying Authors@R: c(person(given = "Benjamin", family = "Lu", role = c("aut", "cre"), email = "b.lu@berkeley.edu"), person(given = "Johanna", family = "Hardin", role = "aut")) as necessary. Package CITATION file contains call(s) to old-style personList() or as.personList(). Please use c() on person objects instead. Package CITATION file contains call(s) to old-style citEntry(). Please use bibentry() instead. Flavors: r-devel-linux-x86_64-debian-clang, r-devel-linux-x86_64-debian-gcc