Last updated on 2025-07-04 09:49:51 CEST.
Flavor | Version | Tinstall | Tcheck | Ttotal | Status | Flags |
---|---|---|---|---|---|---|
r-devel-linux-x86_64-debian-clang | 0.2.1 | 3.67 | 45.71 | 49.38 | OK | |
r-devel-linux-x86_64-debian-gcc | 0.2.1 | 2.79 | 34.74 | 37.53 | OK | |
r-devel-linux-x86_64-fedora-clang | 0.2.1 | 74.82 | OK | |||
r-devel-linux-x86_64-fedora-gcc | 0.2.1 | 91.45 | OK | |||
r-devel-windows-x86_64 | 0.2.1 | 5.00 | 72.00 | 77.00 | OK | |
r-patched-linux-x86_64 | 0.2.1 | 4.27 | 42.02 | 46.29 | OK | |
r-release-linux-x86_64 | 0.2.1 | 3.42 | 42.25 | 45.67 | OK | |
r-release-macos-arm64 | 0.2.1 | 45.00 | OK | |||
r-release-macos-x86_64 | 0.2.1 | 57.00 | OK | |||
r-release-windows-x86_64 | 0.2.1 | 6.00 | 71.00 | 77.00 | OK | |
r-oldrel-macos-arm64 | 0.2.1 | 32.00 | NOTE | |||
r-oldrel-macos-x86_64 | 0.2.1 | 48.00 | NOTE | |||
r-oldrel-windows-x86_64 | 0.2.1 | 7.00 | 86.00 | 93.00 | NOTE |
Version: 0.2.1
Check: LazyData
Result: NOTE
'LazyData' is specified without a 'data' directory
Flavors: r-oldrel-macos-arm64, r-oldrel-macos-x86_64, r-oldrel-windows-x86_64