Last updated on 2025-10-22 09:50:33 CEST.
Flavor | Version | Tinstall | Tcheck | Ttotal | Status | Flags |
---|---|---|---|---|---|---|
r-devel-linux-x86_64-debian-clang | 0.2.2 | 4.80 | 63.49 | 68.29 | NOTE | |
r-devel-linux-x86_64-debian-gcc | 0.2.2 | 4.08 | 49.07 | 53.15 | NOTE | |
r-devel-linux-x86_64-fedora-clang | 0.2.2 | 16.00 | 89.09 | 105.09 | OK | |
r-devel-linux-x86_64-fedora-gcc | 0.2.2 | 11.00 | 103.92 | 114.92 | OK | |
r-devel-windows-x86_64 | 0.2.2 | 11.00 | 90.00 | 101.00 | OK | |
r-patched-linux-x86_64 | 0.2.2 | 5.67 | 59.56 | 65.23 | OK | |
r-release-linux-x86_64 | 0.2.2 | 4.33 | 59.50 | 63.83 | OK | |
r-release-macos-arm64 | 0.2.2 | 3.00 | 40.00 | 43.00 | OK | |
r-release-macos-x86_64 | 0.2.2 | 5.00 | 82.00 | 87.00 | OK | |
r-release-windows-x86_64 | 0.2.2 | 11.00 | 88.00 | 99.00 | OK | |
r-oldrel-macos-arm64 | 0.2.2 | 2.00 | 47.00 | 49.00 | OK | |
r-oldrel-macos-x86_64 | 0.2.2 | 4.00 | 79.00 | 83.00 | OK | |
r-oldrel-windows-x86_64 | 0.2.2 | 16.00 | 104.00 | 120.00 | OK |
Version: 0.2.2
Check: HTML version of manual
Result: NOTE
Found the following HTML validation problems:
use_pretty.html:48:1 (use_pretty.Rd:11): Warning: missing </ul> before </div>
Flavors: r-devel-linux-x86_64-debian-clang, r-devel-linux-x86_64-debian-gcc