Last updated on 2025-10-22 09:50:33 CEST.
Flavor | Version | Tinstall | Tcheck | Ttotal | Status | Flags |
---|---|---|---|---|---|---|
r-devel-linux-x86_64-debian-clang | 2.27.0 | 9.39 | 104.37 | 113.76 | NOTE | |
r-devel-linux-x86_64-debian-gcc | 2.27.0 | 6.43 | 73.62 | 80.05 | NOTE | |
r-devel-linux-x86_64-fedora-clang | 2.27.0 | 22.00 | 149.68 | 171.68 | OK | |
r-devel-linux-x86_64-fedora-gcc | 2.27.0 | 20.00 | 157.58 | 177.58 | OK | |
r-devel-windows-x86_64 | 2.27.0 | 13.00 | 146.00 | 159.00 | OK | |
r-patched-linux-x86_64 | 2.27.0 | 12.26 | 98.79 | 111.05 | OK | |
r-release-linux-x86_64 | 2.27.0 | 9.11 | 98.51 | 107.62 | OK | |
r-release-macos-arm64 | 2.27.0 | 5.00 | 56.00 | 61.00 | OK | |
r-release-macos-x86_64 | 2.27.0 | 10.00 | 146.00 | 156.00 | OK | |
r-release-windows-x86_64 | 2.27.0 | 12.00 | 149.00 | 161.00 | OK | |
r-oldrel-macos-arm64 | 2.27.0 | 4.00 | 61.00 | 65.00 | OK | |
r-oldrel-macos-x86_64 | 2.27.0 | 13.00 | 123.00 | 136.00 | OK | |
r-oldrel-windows-x86_64 | 2.27.0 | 18.00 | 172.00 | 190.00 | OK |
Version: 2.27.0
Check: HTML version of manual
Result: NOTE
Found the following HTML validation problems:
applytopup.html:94:1 (applytopup.Rd:43): Warning: missing </ul> before </div>
aux_file-methods.html:47:1 (aux_file-methods.Rd:12): Warning: missing </ul> before </div>
bitpix-methods.html:47:1 (bitpix-methods.Rd:12): Warning: missing </ul> before </div>
cal_max-methods.html:47:1 (cal_max-methods.Rd:12): Warning: missing </ul> before </div>
cal_min-methods.html:47:1 (cal_min-methods.Rd:12): Warning: missing </ul> before </div>
data_type-methods.html:47:1 (data_type-methods.Rd:12): Warning: missing </ul> before </div>
datatype-methods.html:47:1 (datatype-methods.Rd:12): Warning: missing </ul> before </div>
descrip-methods.html:47:1 (descrip-methods.Rd:12): Warning: missing </ul> before </div>
dim_-methods.html:47:1 (dim_-methods.Rd:12): Warning: missing </ul> before </div>
intent_code-methods.html:47:1 (intent_code-methods.Rd:12): Warning: missing </ul> before </div>
intent_name-methods.html:47:1 (intent_name-methods.Rd:12): Warning: missing </ul> before </div>
intent_p1-methods.html:47:1 (intent_p1-methods.Rd:12): Warning: missing </ul> before </div>
intent_p2-methods.html:47:1 (intent_p2-methods.Rd:12): Warning: missing </ul> before </div>
intent_p3-methods.html:47:1 (intent_p3-methods.Rd:12): Warning: missing </ul> before </div>
magic-methods.html:47:1 (magic-methods.Rd:12): Warning: missing </ul> before </div>
orientation-methods.html:50:1 (orientation-methods.Rd:15): Warning: missing </ul> before </div>
pixdim-methods.html:47:1 (pixdim-methods.Rd:12): Warning: missing </ul> before </div>
qform_code-methods.html:47:1 (qform_code-methods.Rd:12): Warning: missing </ul> before </div>
scl_inter-methods.html:47:1 (scl_inter-methods.Rd:12): Warning: missing </ul> before </div>
scl_slope-methods.html:47:1 (scl_slope-methods.Rd:12): Warning: missing </ul> before </div>
sform_code-methods.html:47:1 (sform_code-methods.Rd:12): Warning: missing </ul> before </div>
sizeof_hdr-methods.html:47:1 (sizeof_hdr-methods.Rd:12): Warning: missing </ul> before </div>
slice_code-methods.html:47:1 (slice_code-methods.Rd:12): Warning: missing </ul> before </div>
slice_duration-methods.html:47:1 (slice_duration-methods.Rd:12): Warning: missing </ul> before </div>
slice_end-methods.html:47:1 (slice_end-methods.Rd:12): Warning: missing </ul> before </div>
slice_start-methods.html:47:1 (slice_start-methods.Rd:12): Warning: missing </ul> before </div>
toffset-methods.html:47:1 (toffset-methods.Rd:12): Warning: missing </ul> before </div>
topup.html:169:1 (topup.Rd:89): Warning: missing </ul> before </div>
vox_offset-methods.html:47:1 (vox_offset-methods.Rd:12): Warning: missing </ul> before </div>
Flavors: r-devel-linux-x86_64-debian-clang, r-devel-linux-x86_64-debian-gcc