Last updated on 2025-10-22 09:50:35 CEST.
Flavor | Version | Tinstall | Tcheck | Ttotal | Status | Flags |
---|---|---|---|---|---|---|
r-devel-linux-x86_64-debian-clang | 1.5.5 | 10.02 | 282.74 | 292.76 | NOTE | |
r-devel-linux-x86_64-debian-gcc | 1.5.5 | 7.40 | 198.29 | 205.69 | NOTE | |
r-devel-linux-x86_64-fedora-clang | 1.5.5 | 66.00 | 411.68 | 477.68 | OK | |
r-devel-linux-x86_64-fedora-gcc | 1.5.5 | 20.00 | 427.04 | 447.04 | OK | |
r-devel-windows-x86_64 | 1.5.5 | 13.00 | 255.00 | 268.00 | OK | |
r-patched-linux-x86_64 | 1.5.5 | 10.69 | 272.52 | 283.21 | OK | |
r-release-linux-x86_64 | 1.5.5 | 9.98 | 273.09 | 283.07 | OK | |
r-release-macos-arm64 | 1.5.5 | 4.00 | 95.00 | 99.00 | OK | |
r-release-macos-x86_64 | 1.5.5 | 8.00 | 177.00 | 185.00 | OK | |
r-release-windows-x86_64 | 1.5.5 | 13.00 | 253.00 | 266.00 | OK | |
r-oldrel-macos-arm64 | 1.5.5 | 4.00 | 98.00 | 102.00 | NOTE | |
r-oldrel-macos-x86_64 | 1.5.5 | 8.00 | 217.00 | 225.00 | NOTE | |
r-oldrel-windows-x86_64 | 1.5.5 | 18.00 | 338.00 | 356.00 | NOTE |
Version: 1.5.5
Check: HTML version of manual
Result: NOTE
Found the following HTML validation problems:
mergeLists.html:50:1 (mergeLists.Rd:12): Warning: missing </ul> before </div>
Flavors: r-devel-linux-x86_64-debian-clang, r-devel-linux-x86_64-debian-gcc
Version: 1.5.5
Check: installed package size
Result: NOTE
installed size is 6.3Mb
sub-directories of 1Mb or more:
doc 5.0Mb
Flavors: r-oldrel-macos-arm64, r-oldrel-macos-x86_64, r-oldrel-windows-x86_64