Last updated on 2025-10-22 09:50:35 CEST.
Flavor | Version | Tinstall | Tcheck | Ttotal | Status | Flags |
---|---|---|---|---|---|---|
r-devel-linux-x86_64-debian-clang | 0.3.4 | 95.53 | 254.70 | 350.23 | NOTE | |
r-devel-linux-x86_64-debian-gcc | 0.3.4 | 63.68 | 171.66 | 235.34 | NOTE | |
r-devel-linux-x86_64-fedora-clang | 0.3.4 | 282.00 | 327.99 | 609.99 | OK | |
r-devel-linux-x86_64-fedora-gcc | 0.3.4 | 192.00 | 368.77 | 560.77 | OK | |
r-devel-windows-x86_64 | 0.3.4 | 112.00 | 232.00 | 344.00 | OK | |
r-patched-linux-x86_64 | 0.3.4 | 97.95 | 239.90 | 337.85 | OK | |
r-release-linux-x86_64 | 0.3.4 | 91.84 | 239.93 | 331.77 | OK | |
r-release-macos-arm64 | 0.3.4 | 35.00 | 101.00 | 136.00 | OK | |
r-release-macos-x86_64 | 0.3.4 | 43.00 | 192.00 | 235.00 | OK | |
r-release-windows-x86_64 | 0.3.4 | 114.00 | 235.00 | 349.00 | OK | |
r-oldrel-macos-arm64 | 0.3.4 | 35.00 | 104.00 | 139.00 | NOTE | |
r-oldrel-macos-x86_64 | 0.3.4 | 41.00 | 191.00 | 232.00 | NOTE | |
r-oldrel-windows-x86_64 | 0.3.4 | 134.00 | 334.00 | 468.00 | NOTE |
Version: 0.3.4
Check: HTML version of manual
Result: NOTE
Found the following HTML validation problems:
coerce_models.html:115:1 (coerce_models.Rd:82): Warning: missing </ul> before </div>
fast_cov.html:50:1 (fast_cov.Rd:12): Warning: missing </ul> before </div>
generate_models.html:76:1 (generate_models.Rd:40): Warning: missing </ul> before </div>
generate_n01.html:54:1 (generate_n01.Rd:14): Warning: missing </ul> before </div>
imodel-general.html:85:1 (imodel-general.Rd:44): Warning: missing </ul> before </div>
imodel-info.html:50:1 (imodel-info.Rd:13): Warning: missing </ul> before </div>
impose_zero.html:50:1 (impose_zero.Rd:12): Warning: missing </ul> before </div>
utilities_grips.html:81:1 (utilities_grips.Rd:41): Warning: missing </ul> before </div>
Flavors: r-devel-linux-x86_64-debian-clang, r-devel-linux-x86_64-debian-gcc
Version: 0.3.4
Check: installed package size
Result: NOTE
installed size is 9.7Mb
sub-directories of 1Mb or more:
libs 5.6Mb
supplementary_material 3.1Mb
Flavors: r-oldrel-macos-arm64, r-oldrel-macos-x86_64, r-oldrel-windows-x86_64