Last updated on 2025-10-22 09:50:35 CEST.
Flavor | Version | Tinstall | Tcheck | Ttotal | Status | Flags |
---|---|---|---|---|---|---|
r-devel-linux-x86_64-debian-clang | 0.1.1 | 6.18 | 55.91 | 62.09 | NOTE | |
r-devel-linux-x86_64-debian-gcc | 0.1.1 | 3.86 | 41.19 | 45.05 | NOTE | |
r-devel-linux-x86_64-fedora-clang | 0.1.1 | 12.00 | 82.80 | 94.80 | OK | |
r-devel-linux-x86_64-fedora-gcc | 0.1.1 | 13.00 | 76.25 | 89.25 | OK | |
r-devel-windows-x86_64 | 0.1.1 | 7.00 | 65.00 | 72.00 | OK | |
r-patched-linux-x86_64 | 0.1.1 | 6.25 | 52.84 | 59.09 | OK | |
r-release-linux-x86_64 | 0.1.1 | 6.34 | 52.28 | 58.62 | OK | |
r-release-macos-arm64 | 0.1.1 | 4.00 | 34.00 | 38.00 | OK | |
r-release-macos-x86_64 | 0.1.1 | 6.00 | 47.00 | 53.00 | OK | |
r-release-windows-x86_64 | 0.1.1 | 6.00 | 65.00 | 71.00 | OK | |
r-oldrel-macos-arm64 | 0.1.1 | 3.00 | 26.00 | 29.00 | OK | |
r-oldrel-macos-x86_64 | 0.1.1 | 4.00 | 38.00 | 42.00 | OK | |
r-oldrel-windows-x86_64 | 0.1.1 | 10.00 | 81.00 | 91.00 | OK |
Version: 0.1.1
Check: CRAN incoming feasibility
Result: NOTE
Maintainer: ‘Hoseung Song <hosong@ucdavis.edu>’
The Description field contains
data. Song, H. and Chen, H. (2022) <arXiv:2205.13787>.
Please refer to arXiv e-prints via their arXiv DOI <doi:10.48550/arXiv.YYMM.NNNNN>.
Flavors: r-devel-linux-x86_64-debian-clang, r-devel-linux-x86_64-debian-gcc