Last updated on 2025-10-22 09:50:34 CEST.
Flavor | Version | Tinstall | Tcheck | Ttotal | Status | Flags |
---|---|---|---|---|---|---|
r-devel-linux-x86_64-debian-clang | 0.2.7 | 7.76 | 69.18 | 76.94 | OK | --no-vignettes |
r-devel-linux-x86_64-debian-gcc | 0.2.7 | 6.47 | 52.07 | 58.54 | OK | --no-vignettes |
r-devel-linux-x86_64-fedora-clang | 0.2.7 | 25.00 | 98.92 | 123.92 | OK | --no-vignettes |
r-devel-linux-x86_64-fedora-gcc | 0.2.7 | 18.00 | 98.01 | 116.01 | OK | --no-vignettes |
r-patched-linux-x86_64 | 0.2.7 | 8.50 | 66.14 | 74.64 | OK | --no-vignettes |
r-release-linux-x86_64 | 0.2.7 | 8.07 | 65.76 | 73.83 | OK | --no-vignettes |
r-release-macos-arm64 | 0.2.7 | 4.00 | 53.00 | 57.00 | OK | |
r-release-macos-x86_64 | 0.2.7 | 9.00 | 91.00 | 100.00 | OK | |
r-oldrel-macos-arm64 | 0.2.7 | 4.00 | 45.00 | 49.00 | NOTE | |
r-oldrel-macos-x86_64 | 0.2.7 | 8.00 | 77.00 | 85.00 | NOTE |
Version: 0.2.7
Check: package dependencies
Result: NOTE
Package suggested but not available for checking: ‘gputools’
Flavors: r-oldrel-macos-arm64, r-oldrel-macos-x86_64