Last updated on 2025-10-22 09:50:34 CEST.
Flavor | Version | Tinstall | Tcheck | Ttotal | Status | Flags |
---|---|---|---|---|---|---|
r-devel-linux-x86_64-debian-clang | 0.2.1 | 11.09 | 86.89 | 97.98 | NOTE | |
r-devel-linux-x86_64-debian-gcc | 0.2.1 | 7.38 | 64.04 | 71.42 | NOTE | |
r-devel-linux-x86_64-fedora-clang | 0.2.1 | 34.00 | 122.63 | 156.63 | OK | |
r-devel-linux-x86_64-fedora-gcc | 0.2.1 | 22.00 | 118.62 | 140.62 | OK | |
r-devel-windows-x86_64 | 0.2.1 | 13.00 | 88.00 | 101.00 | OK | |
r-patched-linux-x86_64 | 0.2.1 | 11.53 | 81.10 | 92.63 | OK | |
r-release-linux-x86_64 | 0.2.1 | 11.30 | 81.70 | 93.00 | OK | |
r-release-macos-arm64 | 0.2.1 | 5.00 | 34.00 | 39.00 | OK | |
r-release-macos-x86_64 | 0.2.1 | 12.00 | 78.00 | 90.00 | OK | |
r-release-windows-x86_64 | 0.2.1 | 15.00 | 89.00 | 104.00 | OK | |
r-oldrel-macos-arm64 | 0.2.1 | 4.00 | 35.00 | 39.00 | OK | |
r-oldrel-macos-x86_64 | 0.2.1 | 8.00 | 69.00 | 77.00 | OK | |
r-oldrel-windows-x86_64 | 0.2.1 | 18.00 | 115.00 | 133.00 | OK |
Version: 0.2.1
Check: HTML version of manual
Result: NOTE
Found the following HTML validation problems:
shinyAppServer.html:54:1 (shinyAppServer.Rd:14): Warning: missing </ul> before </div>
Flavors: r-devel-linux-x86_64-debian-clang, r-devel-linux-x86_64-debian-gcc