CRAN Package Check Results for Package gencor

Last updated on 2025-10-22 09:50:34 CEST.

Flavor Version Tinstall Tcheck Ttotal Status Flags
r-devel-linux-x86_64-debian-clang 1.0.2 1.56 20.51 22.07 NOTE
r-devel-linux-x86_64-debian-gcc 1.0.2 1.44 16.87 18.31 NOTE
r-devel-linux-x86_64-fedora-clang 1.0.2 33.14 OK
r-devel-linux-x86_64-fedora-gcc 1.0.2 31.01 OK
r-devel-windows-x86_64 1.0.2 3.00 39.00 42.00 OK
r-patched-linux-x86_64 1.0.2 1.79 19.34 21.13 OK
r-release-linux-x86_64 1.0.2 1.62 19.25 20.87 OK
r-release-macos-arm64 1.0.2 1.00 16.00 17.00 OK
r-release-macos-x86_64 1.0.2 2.00 22.00 24.00 OK
r-release-windows-x86_64 1.0.2 3.00 40.00 43.00 OK
r-oldrel-macos-arm64 1.0.2 1.00 13.00 14.00 OK
r-oldrel-macos-x86_64 1.0.2 2.00 21.00 23.00 OK
r-oldrel-windows-x86_64 1.0.2 3.00 46.00 49.00 OK

Check Details

Version: 1.0.2
Check: CRAN incoming feasibility
Result: NOTE Maintainer: ‘Helgem de Souza Ribeiro Martins <helgem.souza@gmail.com>’ No Authors@R field in DESCRIPTION. Please add one, modifying Authors@R: c(person(given = c("Helgem", "de", "Souza", "Ribeiro"), family = "Martins", role = c("aut", "cre"), email = "helgem.souza@gmail.com"), person(given = c("Anderson", "Ribeiro"), family = "Duarte", role = "aut")) as necessary. Flavors: r-devel-linux-x86_64-debian-clang, r-devel-linux-x86_64-debian-gcc