Last updated on 2025-10-22 09:50:34 CEST.
Flavor | Version | Tinstall | Tcheck | Ttotal | Status | Flags |
---|---|---|---|---|---|---|
r-devel-linux-x86_64-debian-clang | 1.2.11 | 87.91 | 38.80 | 126.71 | NOTE | |
r-devel-linux-x86_64-debian-gcc | 1.2.11 | 62.63 | 28.69 | 91.32 | NOTE | |
r-devel-linux-x86_64-fedora-clang | 1.2.11 | 178.00 | 54.35 | 232.35 | OK | |
r-devel-linux-x86_64-fedora-gcc | 1.2.11 | 155.00 | 77.20 | 232.20 | OK | |
r-devel-windows-x86_64 | 1.2.11 | 98.00 | 81.00 | 179.00 | OK | |
r-patched-linux-x86_64 | 1.2.11 | 89.94 | 34.62 | 124.56 | OK | |
r-release-linux-x86_64 | 1.2.11 | 91.44 | 34.81 | 126.25 | OK | |
r-release-macos-arm64 | 1.2.11 | 38.00 | 20.00 | 58.00 | OK | |
r-release-macos-x86_64 | 1.2.11 | 30.00 | 38.00 | 68.00 | OK | |
r-release-windows-x86_64 | 1.2.11 | 98.00 | 78.00 | 176.00 | OK | |
r-oldrel-macos-arm64 | 1.2.11 | 33.00 | 29.00 | 62.00 | NOTE | |
r-oldrel-macos-x86_64 | 1.2.11 | 45.00 | 51.00 | 96.00 | NOTE | |
r-oldrel-windows-x86_64 | 1.2.11 | 116.00 | 99.00 | 215.00 | OK |
Version: 1.2.11
Check: top-level files
Result: NOTE
Found the following validation problem for the NEWS.Rd HTML conversion:
NEWS.html:192:1 (inst/NEWS.Rd:77): Warning: missing </ul> before </div>
NEWS.html:102:1 (inst/NEWS.Rd:41): Warning: <h4> anchor "NEW-FEATURES" already defined
NEWS.html:117:1 (inst/NEWS.Rd:48): Warning: <h4> anchor "NEW-FEATURES" already defined
NEWS.html:137:1 (inst/NEWS.Rd:56): Warning: <h4> anchor "CORRECTED-BUGS" already defined
NEWS.html:155:1 (inst/NEWS.Rd:64): Warning: <h4> anchor "NEW-FEATURES" already defined
NEWS.html:172:1 (inst/NEWS.Rd:71): Warning: <h4> anchor "CORRECTED-BUGS" already defined
Flavors: r-devel-linux-x86_64-debian-clang, r-devel-linux-x86_64-debian-gcc
Version: 1.2.11
Check: HTML version of manual
Result: NOTE
Found the following HTML validation problems:
genepop-utils.html:48:1 (genepop-utils.Rd:14): Warning: missing </ul> before </div>
setMantelSeed.html:46:1 (setMantelSeed.Rd:10): Warning: missing </ul> before </div>
setRandomSeed.html:46:1 (setRandomSeed.Rd:10): Warning: missing </ul> before </div>
Flavors: r-devel-linux-x86_64-debian-clang, r-devel-linux-x86_64-debian-gcc
Version: 1.2.11
Check: installed package size
Result: NOTE
installed size is 12.1Mb
sub-directories of 1Mb or more:
doc 1.5Mb
libs 9.6Mb
Flavors: r-oldrel-macos-arm64, r-oldrel-macos-x86_64