CRAN Package Check Results for Package geoGAM

Last updated on 2025-10-22 09:50:34 CEST.

Flavor Version Tinstall Tcheck Ttotal Status Flags
r-devel-linux-x86_64-debian-clang 0.1-4 9.95 72.47 82.42 OK
r-devel-linux-x86_64-debian-gcc 0.1-4 7.15 52.96 60.11 OK
r-devel-linux-x86_64-fedora-clang 0.1-4 50.00 84.45 134.45 OK
r-devel-linux-x86_64-fedora-gcc 0.1-4 20.00 97.92 117.92 OK
r-devel-windows-x86_64 0.1-4 11.00 81.00 92.00 OK
r-patched-linux-x86_64 0.1-3 9.85 68.81 78.66 NOTE
r-release-linux-x86_64 0.1-4 9.00 68.39 77.39 OK
r-release-macos-arm64 0.1-4 5.00 31.00 36.00 OK
r-release-macos-x86_64 0.1-4 15.00 78.00 93.00 OK
r-release-windows-x86_64 0.1-4 13.00 88.00 101.00 OK
r-oldrel-macos-arm64 0.1-4 5.00 38.00 43.00 OK
r-oldrel-macos-x86_64 0.1-4 20.00 75.00 95.00 OK
r-oldrel-windows-x86_64 0.1-4 16.00 99.00 115.00 OK

Check Details

Version: 0.1-3
Check: Rd cross-references
Result: NOTE Found the following Rd file(s) with Rd \link{} targets missing package anchors: geoGAM.Rd: grpreg, cv.grpreg, gamboost, mboost, cvrisk, gam, polr, cv, mgcv methods.geoGAM.Rd: summary.gam, plot.gam, gam, predict.gam predict.geoGAM.Rd: predict.gam, gam Please provide package anchors for all Rd \link{} targets not in the package itself and the base packages. Flavor: r-patched-linux-x86_64