Last updated on 2025-10-22 09:50:34 CEST.
Flavor | Version | Tinstall | Tcheck | Ttotal | Status | Flags |
---|---|---|---|---|---|---|
r-devel-linux-x86_64-debian-clang | 1.1.2 | 39.64 | 34.02 | 73.66 | NOTE | |
r-devel-linux-x86_64-debian-gcc | 1.1.2 | 30.47 | 27.24 | 57.71 | NOTE | |
r-devel-linux-x86_64-fedora-clang | 1.1.2 | 135.00 | 2.76 | 137.76 | OK | |
r-devel-linux-x86_64-fedora-gcc | 1.1.2 | 63.00 | 88.01 | 151.01 | OK | |
r-devel-windows-x86_64 | 1.1.2 | 50.00 | 75.00 | 125.00 | OK | |
r-patched-linux-x86_64 | 1.1.2 | 48.00 | 31.52 | 79.52 | OK | |
r-release-linux-x86_64 | 1.1.2 | 45.84 | 31.51 | 77.35 | OK | |
r-release-macos-arm64 | 1.1.2 | 16.00 | 35.00 | 51.00 | OK | |
r-release-macos-x86_64 | 1.1.2 | 20.00 | 45.00 | 65.00 | OK | |
r-release-windows-x86_64 | 1.1.2 | 49.00 | 75.00 | 124.00 | OK | |
r-oldrel-macos-arm64 | 1.1.2 | 14.00 | 32.00 | 46.00 | NOTE | |
r-oldrel-macos-x86_64 | 1.1.2 | 28.00 | 66.00 | 94.00 | NOTE | |
r-oldrel-windows-x86_64 | 1.1.2 | 60.00 | 91.00 | 151.00 | OK |
Version: 1.1.2
Check: HTML version of manual
Result: NOTE
Found the following HTML validation problems:
TO_GeoJson.html:69:1 (TO_GeoJson.Rd:226): Warning: <h3> anchor "Methods" already defined
TO_GeoJson.html:135:1 (TO_GeoJson.Rd:255): Warning: <h5> anchor "Usage" already defined
TO_GeoJson.html:164:1 (TO_GeoJson.Rd:273): Warning: <h5> anchor "Usage" already defined
TO_GeoJson.html:170:1 (TO_GeoJson.Rd:277): Warning: <h5> anchor "Arguments" already defined
TO_GeoJson.html:193:1 (TO_GeoJson.Rd:291): Warning: <h5> anchor "Usage" already defined
TO_GeoJson.html:199:1 (TO_GeoJson.Rd:295): Warning: <h5> anchor "Arguments" already defined
TO_GeoJson.html:222:1 (TO_GeoJson.Rd:309): Warning: <h5> anchor "Usage" already defined
TO_GeoJson.html:228:1 (TO_GeoJson.Rd:313): Warning: <h5> anchor "Arguments" already defined
TO_GeoJson.html:251:1 (TO_GeoJson.Rd:327): Warning: <h5> anchor "Usage" already defined
TO_GeoJson.html:257:1 (TO_GeoJson.Rd:331): Warning: <h5> anchor "Arguments" already defined
TO_GeoJson.html:280:1 (TO_GeoJson.Rd:345): Warning: <h5> anchor "Usage" already defined
TO_GeoJson.html:286:1 (TO_GeoJson.Rd:349): Warning: <h5> anchor "Arguments" already defined
TO_GeoJson.html:309:1 (TO_GeoJson.Rd:363): Warning: <h5> anchor "Usage" already defined
TO_GeoJson.html:315:1 (TO_GeoJson.Rd:367): Warning: <h5> anchor "Arguments" already defined
TO_GeoJson.html:338:1 (TO_GeoJson.Rd:381): Warning: <h5> anchor "Usage" already defined
TO_GeoJson.html:344:1 (TO_GeoJson.Rd:385): Warning: <h5> anchor "Arguments" already defined
TO_GeoJson.html:367:1 (TO_GeoJson.Rd:399): Warning: <h5> anchor "Usage" already defined
TO_GeoJson.html:373:1 (TO_GeoJson.Rd:403): Warning: <h5> anchor "Arguments" already defined
TO_GeoJson.html:398:1 (TO_GeoJson.Rd:418): Warning: <h5> anchor "Usage" already defined
TO_GeoJson.html:404:1 (TO_GeoJson.Rd:422): Warning: <h5> anchor "Arguments" already defined
Flavors: r-devel-linux-x86_64-debian-clang, r-devel-linux-x86_64-debian-gcc
Version: 1.1.2
Check: installed package size
Result: NOTE
installed size is 6.3Mb
sub-directories of 1Mb or more:
doc 1.3Mb
libs 4.9Mb
Flavors: r-oldrel-macos-arm64, r-oldrel-macos-x86_64