CRAN Package Check Results for Package ggQQunif

Last updated on 2025-07-04 09:49:52 CEST.

Flavor Version Tinstall Tcheck Ttotal Status Flags
r-devel-linux-x86_64-debian-clang 0.1.5 3.87 29.50 33.37 OK
r-devel-linux-x86_64-debian-gcc 0.1.5 3.18 23.71 26.89 OK
r-devel-linux-x86_64-fedora-clang 0.1.5 49.77 NOTE
r-devel-linux-x86_64-fedora-gcc 0.1.5 47.12 NOTE
r-devel-windows-x86_64 0.1.5 5.00 50.00 55.00 OK
r-patched-linux-x86_64 0.1.5 3.61 26.60 30.21 OK
r-release-linux-x86_64 0.1.5 3.59 25.87 29.46 OK
r-release-macos-arm64 0.1.5 22.00 OK
r-release-macos-x86_64 0.1.5 30.00 OK
r-release-windows-x86_64 0.1.5 5.00 54.00 59.00 OK
r-oldrel-macos-arm64 0.1.5 21.00 NOTE
r-oldrel-macos-x86_64 0.1.5 27.00 NOTE
r-oldrel-windows-x86_64 0.1.5 7.00 56.00 63.00 NOTE

Check Details

Version: 0.1.5
Check: dependencies in R code
Result: NOTE Namespace in Imports field not imported from: ‘dplyr’ All declared Imports should be used. Flavors: r-devel-linux-x86_64-fedora-clang, r-devel-linux-x86_64-fedora-gcc

Version: 0.1.5
Check: LazyData
Result: NOTE 'LazyData' is specified without a 'data' directory Flavors: r-oldrel-macos-arm64, r-oldrel-macos-x86_64, r-oldrel-windows-x86_64