Last updated on 2025-07-04 09:49:52 CEST.
Flavor | Version | Tinstall | Tcheck | Ttotal | Status | Flags |
---|---|---|---|---|---|---|
r-devel-linux-x86_64-debian-clang | 1.5.4 | 7.27 | 115.08 | 122.35 | OK | |
r-devel-linux-x86_64-debian-gcc | 1.5.4 | 4.47 | 82.88 | 87.35 | OK | |
r-devel-linux-x86_64-fedora-clang | 1.5.4 | 185.10 | OK | |||
r-devel-linux-x86_64-fedora-gcc | 1.5.4 | 205.00 | OK | |||
r-devel-windows-x86_64 | 1.5.4 | 10.00 | 115.00 | 125.00 | OK | |
r-patched-linux-x86_64 | 1.5.4 | 6.65 | 108.96 | 115.61 | OK | |
r-release-linux-x86_64 | 1.5.4 | 5.99 | 106.17 | 112.16 | OK | |
r-release-macos-arm64 | 1.5.4 | 67.00 | OK | |||
r-release-macos-x86_64 | 1.5.4 | 83.00 | OK | |||
r-release-windows-x86_64 | 1.5.4 | 11.00 | 113.00 | 124.00 | OK | |
r-oldrel-macos-arm64 | 1.5.4 | 58.00 | NOTE | |||
r-oldrel-macos-x86_64 | 1.5.4 | 110.00 | NOTE | |||
r-oldrel-windows-x86_64 | 1.5.4 | 13.00 | 144.00 | 157.00 | NOTE |
Version: 1.5.4
Check: installed package size
Result: NOTE
installed size is 11.0Mb
sub-directories of 1Mb or more:
doc 9.5Mb
help 1.1Mb
Flavors: r-oldrel-macos-arm64, r-oldrel-macos-x86_64, r-oldrel-windows-x86_64