Last updated on 2025-10-22 09:50:34 CEST.
Flavor | Version | Tinstall | Tcheck | Ttotal | Status | Flags |
---|---|---|---|---|---|---|
r-devel-linux-x86_64-debian-clang | 1.2.0 | 29.85 | 293.88 | 323.73 | NOTE | |
r-devel-linux-x86_64-debian-gcc | 1.2.0 | 17.78 | 190.46 | 208.24 | NOTE | |
r-devel-linux-x86_64-fedora-clang | 1.2.0 | 128.00 | 401.82 | 529.82 | OK | |
r-devel-linux-x86_64-fedora-gcc | 1.2.0 | 167.00 | 386.87 | 553.87 | OK | |
r-devel-windows-x86_64 | 1.1.0 | 28.00 | 259.00 | 287.00 | OK | |
r-patched-linux-x86_64 | 1.1.0 | 30.77 | 261.56 | 292.33 | OK | |
r-release-linux-x86_64 | 1.1.0 | 23.39 | 265.91 | 289.30 | OK | |
r-release-macos-arm64 | 1.2.0 | 13.00 | 113.00 | 126.00 | OK | |
r-release-macos-x86_64 | 1.2.0 | 37.00 | 284.00 | 321.00 | OK | |
r-release-windows-x86_64 | 1.2.0 | 36.00 | 278.00 | 314.00 | OK | |
r-oldrel-macos-arm64 | 1.2.0 | 13.00 | 115.00 | 128.00 | NOTE | |
r-oldrel-macos-x86_64 | 1.2.0 | 26.00 | 247.00 | 273.00 | NOTE | |
r-oldrel-windows-x86_64 | 1.2.0 | 42.00 | 350.00 | 392.00 | OK |
Version: 1.2.0
Check: HTML version of manual
Result: NOTE
Found the following HTML validation problems:
align_phylo.html:130:1 (align_phylo.Rd:67): Warning: missing </ul> before </div>
continuous_limits.html:52:1 (continuous_limits.Rd:11): Warning: missing </ul> before </div>
cross_none.html:77:1 (cross_none.Rd:33): Warning: missing </ul> before </div>
element_vec.html:127:1 (element_vec.Rd:54): Warning: missing </ul> before </div>
layout_expand.html:56:1 (layout_expand.Rd:15): Warning: missing </ul> before </div>
link_line.html:62:1 (link_line.Rd:24): Warning: missing </ul> before </div>
link_tetragon.html:63:1 (link_tetragon.Rd:25): Warning: missing </ul> before </div>
mark_line.html:61:1 (mark_line.Rd:23): Warning: missing </ul> before </div>
mark_tetragon.html:63:1 (mark_tetragon.Rd:25): Warning: missing </ul> before </div>
mark_triangle.html:79:1 (mark_triangle.Rd:34): Warning: missing </ul> before </div>
new_tune.html:64:1 (new_tune.Rd:17): Warning: missing </ul> before </div>
plot_ideogram.html:195:1 (plot_ideogram.Rd:100): Warning: missing </ul> before </div>
Flavors: r-devel-linux-x86_64-debian-clang, r-devel-linux-x86_64-debian-gcc
Version: 1.2.0
Check: installed package size
Result: NOTE
installed size is 5.1Mb
sub-directories of 1Mb or more:
R 3.0Mb
help 1.9Mb
Flavors: r-oldrel-macos-arm64, r-oldrel-macos-x86_64