CRAN Package Check Results for Package ggamma

Last updated on 2025-10-22 09:50:34 CEST.

Flavor Version Tinstall Tcheck Ttotal Status Flags
r-devel-linux-x86_64-debian-clang 1.0.1 1.46 25.24 26.70 OK
r-devel-linux-x86_64-debian-gcc 1.0.1 1.33 20.82 22.15 OK
r-devel-linux-x86_64-fedora-clang 1.0.1 37.58 OK
r-devel-linux-x86_64-fedora-gcc 1.0.1 35.10 OK
r-devel-windows-x86_64 1.0.1 3.00 48.00 51.00 OK
r-patched-linux-x86_64 1.0.1 1.58 23.85 25.43 OK
r-release-linux-x86_64 1.0.1 1.51 23.80 25.31 OK
r-release-macos-arm64 1.0.1 1.00 17.00 18.00 OK
r-release-macos-x86_64 1.0.1 2.00 43.00 45.00 OK
r-release-windows-x86_64 1.0.1 3.00 50.00 53.00 OK
r-oldrel-macos-arm64 1.0.1 1.00 17.00 18.00 NOTE
r-oldrel-macos-x86_64 1.0.1 1.00 24.00 25.00 NOTE
r-oldrel-windows-x86_64 1.0.1 3.00 54.00 57.00 NOTE

Check Details

Version: 1.0.1
Check: LazyData
Result: NOTE 'LazyData' is specified without a 'data' directory Flavors: r-oldrel-macos-arm64, r-oldrel-macos-x86_64, r-oldrel-windows-x86_64