Last updated on 2025-10-22 09:50:34 CEST.
Flavor | Version | Tinstall | Tcheck | Ttotal | Status | Flags |
---|---|---|---|---|---|---|
r-devel-linux-x86_64-debian-clang | 0.7.2 | 5.64 | 76.40 | 82.04 | NOTE | |
r-devel-linux-x86_64-debian-gcc | 0.7.2 | 3.91 | 54.11 | 58.02 | NOTE | |
r-devel-linux-x86_64-fedora-clang | 0.7.2 | 14.00 | 108.42 | 122.42 | OK | |
r-devel-linux-x86_64-fedora-gcc | 0.7.2 | 12.00 | 116.22 | 128.22 | OK | |
r-devel-windows-x86_64 | 0.7.2 | 7.00 | 90.00 | 97.00 | NOTE | |
r-patched-linux-x86_64 | 0.7.2 | 5.75 | 71.50 | 77.25 | NOTE | |
r-release-linux-x86_64 | 0.7.2 | 4.67 | 71.27 | 75.94 | NOTE | |
r-release-macos-arm64 | 0.7.2 | 3.00 | 46.00 | 49.00 | OK | |
r-release-macos-x86_64 | 0.7.2 | 4.00 | 64.00 | 68.00 | OK | |
r-release-windows-x86_64 | 0.7.2 | 7.00 | 92.00 | 99.00 | NOTE | |
r-oldrel-macos-arm64 | 0.7.2 | 3.00 | 39.00 | 42.00 | OK | |
r-oldrel-macos-x86_64 | 0.7.2 | 4.00 | 52.00 | 56.00 | OK | |
r-oldrel-windows-x86_64 | 0.7.2 | 11.00 | 112.00 | 123.00 | OK |
Version: 0.7.2
Check: Rd cross-references
Result: NOTE
Found the following Rd file(s) with Rd \link{} targets missing package
anchors:
geom_quasirandom.Rd: geom_boxplot
Please provide package anchors for all Rd \link{} targets not in the
package itself and the base packages.
Flavors: r-devel-linux-x86_64-debian-clang, r-devel-linux-x86_64-debian-gcc, r-devel-windows-x86_64, r-patched-linux-x86_64, r-release-linux-x86_64, r-release-windows-x86_64