CRAN Package Check Results for Package ggbrick

Last updated on 2025-07-04 09:49:52 CEST.

Flavor Version Tinstall Tcheck Ttotal Status Flags
r-devel-linux-x86_64-debian-clang 0.3.0 5.64 48.83 54.47 NOTE
r-devel-linux-x86_64-debian-gcc 0.3.0 4.29 35.99 40.28 NOTE
r-devel-linux-x86_64-fedora-clang 0.3.0 80.42 OK
r-devel-linux-x86_64-fedora-gcc 0.3.0 75.63 OK
r-devel-windows-x86_64 0.3.0 8.00 62.00 70.00 NOTE
r-patched-linux-x86_64 0.3.0 6.16 43.03 49.19 NOTE
r-release-linux-x86_64 0.3.0 5.61 43.08 48.69 NOTE
r-release-macos-arm64 0.3.0 36.00 OK
r-release-macos-x86_64 0.3.0 41.00 OK
r-release-windows-x86_64 0.3.0 7.00 64.00 71.00 NOTE
r-oldrel-macos-arm64 0.3.0 24.00 OK
r-oldrel-macos-x86_64 0.3.0 35.00 OK
r-oldrel-windows-x86_64 0.3.0 9.00 74.00 83.00 OK

Check Details

Version: 0.3.0
Check: Rd cross-references
Result: NOTE Found the following Rd file(s) with Rd \link{} targets missing package anchors: brick.Rd: aes, ggplot, fortify, borders waffle.Rd: aes, ggplot, fortify, borders Please provide package anchors for all Rd \link{} targets not in the package itself and the base packages. Flavors: r-devel-linux-x86_64-debian-clang, r-devel-linux-x86_64-debian-gcc, r-devel-windows-x86_64, r-patched-linux-x86_64, r-release-linux-x86_64, r-release-windows-x86_64