Last updated on 2025-10-22 09:50:34 CEST.
Flavor | Version | Tinstall | Tcheck | Ttotal | Status | Flags |
---|---|---|---|---|---|---|
r-devel-linux-x86_64-debian-clang | 2.2 | 8.57 | 64.64 | 73.21 | NOTE | |
r-devel-linux-x86_64-debian-gcc | 2.2 | 5.13 | 45.54 | 50.67 | NOTE | |
r-devel-linux-x86_64-fedora-clang | 2.2 | 30.00 | 87.06 | 117.06 | OK | |
r-devel-linux-x86_64-fedora-gcc | 2.2 | 16.00 | 85.62 | 101.62 | OK | |
r-devel-windows-x86_64 | 2.2 | 10.00 | 72.00 | 82.00 | NOTE | |
r-patched-linux-x86_64 | 2.2 | 7.41 | 60.75 | 68.16 | NOTE | |
r-release-linux-x86_64 | 2.2 | 8.16 | 61.03 | 69.19 | NOTE | |
r-release-macos-arm64 | 2.2 | 3.00 | 26.00 | 29.00 | OK | |
r-release-macos-x86_64 | 2.2 | 5.00 | 43.00 | 48.00 | OK | |
r-release-windows-x86_64 | 2.2 | 11.00 | 73.00 | 84.00 | NOTE | |
r-oldrel-macos-arm64 | 2.2 | 3.00 | 25.00 | 28.00 | OK | |
r-oldrel-macos-x86_64 | 2.2 | 4.00 | 35.00 | 39.00 | OK | |
r-oldrel-windows-x86_64 | 2.2 | 12.00 | 92.00 | 104.00 | OK |
Version: 2.2
Check: Rd cross-references
Result: NOTE
Found the following Rd file(s) with Rd \link{} targets missing package
anchors:
ggheatmap_theme.Rd: theme
Please provide package anchors for all Rd \link{} targets not in the
package itself and the base packages.
Flavors: r-devel-linux-x86_64-debian-clang, r-devel-linux-x86_64-debian-gcc, r-devel-windows-x86_64, r-patched-linux-x86_64, r-release-linux-x86_64, r-release-windows-x86_64