Last updated on 2025-10-22 09:50:34 CEST.
Flavor | Version | Tinstall | Tcheck | Ttotal | Status | Flags |
---|---|---|---|---|---|---|
r-devel-linux-x86_64-debian-clang | 0.2.0-1 | 6.74 | 115.23 | 121.97 | NOTE | |
r-devel-linux-x86_64-debian-gcc | 0.2.0-1 | 4.50 | 80.63 | 85.13 | NOTE | |
r-devel-linux-x86_64-fedora-clang | 0.2.0-1 | 40.00 | 147.09 | 187.09 | OK | |
r-devel-linux-x86_64-fedora-gcc | 0.2.0-1 | 12.00 | 177.04 | 189.04 | OK | |
r-devel-windows-x86_64 | 0.2.0-1 | 8.00 | 112.00 | 120.00 | OK | |
r-patched-linux-x86_64 | 0.2.0-1 | 5.38 | 108.17 | 113.55 | OK | |
r-release-linux-x86_64 | 0.2.0-1 | 5.94 | 108.79 | 114.73 | OK | |
r-release-macos-arm64 | 0.2.0-1 | 4.00 | 66.00 | 70.00 | OK | |
r-release-macos-x86_64 | 0.2.0-1 | 5.00 | 84.00 | 89.00 | OK | |
r-release-windows-x86_64 | 0.2.0-1 | 8.00 | 114.00 | 122.00 | OK | |
r-oldrel-macos-arm64 | 0.2.0-1 | 2.00 | 207.00 | 209.00 | OK | |
r-oldrel-macos-x86_64 | 0.2.0-1 | 3.00 | 231.00 | 234.00 | OK | |
r-oldrel-windows-x86_64 | 0.2.0-1 | 12.00 | 147.00 | 159.00 | OK |
Version: 0.2.0-1
Check: HTML version of manual
Result: NOTE
Found the following HTML validation problems:
edit_layers.html:60:1 (edit_layers.Rd:18): Warning: missing </ul> before </div>
Flavors: r-devel-linux-x86_64-debian-clang, r-devel-linux-x86_64-debian-gcc