CRAN Package Check Results for Package ggmr

Last updated on 2025-10-24 09:50:04 CEST.

Flavor Version Tinstall Tcheck Ttotal Status Flags
r-devel-linux-x86_64-debian-clang 0.1.1 1.79 21.13 22.92 NOTE
r-devel-linux-x86_64-debian-gcc 0.1.1 1.58 17.44 19.02 NOTE
r-devel-linux-x86_64-fedora-clang 0.1.1 34.11 OK
r-devel-linux-x86_64-fedora-gcc 0.1.1 32.22 OK
r-devel-windows-x86_64 0.1.1 3.00 38.00 41.00 OK
r-patched-linux-x86_64 0.1.1 1.68 19.95 21.63 OK
r-release-linux-x86_64 0.1.1 1.60 20.11 21.71 OK
r-release-macos-arm64 0.1.1 1.00 15.00 16.00 OK
r-release-macos-x86_64 0.1.1 2.00 22.00 24.00 OK
r-release-windows-x86_64 0.1.1 3.00 41.00 44.00 OK
r-oldrel-macos-arm64 0.1.1 1.00 14.00 15.00 OK
r-oldrel-macos-x86_64 0.1.1 2.00 19.00 21.00 OK
r-oldrel-windows-x86_64 0.1.1 4.00 45.00 49.00 OK

Check Details

Version: 0.1.1
Check: CRAN incoming feasibility
Result: NOTE Maintainer: ‘Hugo Gasca-Aragon <hugo_gasca_aragon@hotmail.com>’ No Authors@R field in DESCRIPTION. Please add one, modifying Authors@R: person(given = "Hugo", family = "Gasca-Aragon", role = c("aut", "cre"), email = "hugo_gasca_aragon@hotmail.com") as necessary. Flavors: r-devel-linux-x86_64-debian-clang, r-devel-linux-x86_64-debian-gcc