CRAN Package Check Results for Package ggpie

Last updated on 2025-07-04 09:49:52 CEST.

Flavor Version Tinstall Tcheck Ttotal Status Flags
r-devel-linux-x86_64-debian-clang 0.2.5 7.45 110.17 117.62 NOTE
r-devel-linux-x86_64-debian-gcc 0.2.5 5.29 74.54 79.83 NOTE
r-devel-linux-x86_64-fedora-clang 0.2.5 173.20 OK
r-devel-linux-x86_64-fedora-gcc 0.2.5 172.62 OK
r-devel-windows-x86_64 0.2.5 9.00 101.00 110.00 NOTE
r-patched-linux-x86_64 0.2.5 8.05 100.43 108.48 NOTE
r-release-linux-x86_64 0.2.5 7.22 100.44 107.66 NOTE
r-release-macos-arm64 0.2.5 51.00 OK
r-release-macos-x86_64 0.2.5 103.00 OK
r-release-windows-x86_64 0.2.5 9.00 102.00 111.00 NOTE
r-oldrel-macos-arm64 0.2.5 48.00 OK
r-oldrel-macos-x86_64 0.2.5 78.00 OK
r-oldrel-windows-x86_64 0.2.5 13.00 131.00 144.00 OK

Check Details

Version: 0.2.5
Check: CRAN incoming feasibility
Result: NOTE Maintainer: ‘Yabing Song <songyb0519@gmail.com>’ Package CITATION file contains call(s) to old-style personList() or as.personList(). Please use c() on person objects instead. Package CITATION file contains call(s) to old-style citEntry(). Please use bibentry() instead. Flavors: r-devel-linux-x86_64-debian-clang, r-devel-linux-x86_64-debian-gcc

Version: 0.2.5
Check: Rd cross-references
Result: NOTE Found the following Rd file(s) with Rd \link{} targets missing package anchors: ggdonut.Rd: geom_text_repel ggnestedpie.Rd: geom_text_repel ggpie.Rd: geom_text_repel Please provide package anchors for all Rd \link{} targets not in the package itself and the base packages. Flavors: r-devel-linux-x86_64-debian-clang, r-devel-linux-x86_64-debian-gcc, r-devel-windows-x86_64, r-patched-linux-x86_64, r-release-linux-x86_64, r-release-windows-x86_64