Last updated on 2025-10-22 09:50:34 CEST.
Flavor | Version | Tinstall | Tcheck | Ttotal | Status | Flags |
---|---|---|---|---|---|---|
r-devel-linux-x86_64-debian-clang | 2.2.2 | 44.93 | 257.16 | 302.09 | NOTE | |
r-devel-linux-x86_64-debian-gcc | 2.2.2 | 32.28 | 173.22 | 205.50 | NOTE | |
r-devel-linux-x86_64-fedora-clang | 2.2.2 | 148.00 | 337.18 | 485.18 | OK | |
r-devel-linux-x86_64-fedora-gcc | 2.2.2 | 105.00 | 351.35 | 456.35 | OK | |
r-devel-windows-x86_64 | 2.2.2 | 55.00 | 468.00 | 523.00 | OK | |
r-patched-linux-x86_64 | 2.2.2 | 53.28 | 246.41 | 299.69 | OK | |
r-release-linux-x86_64 | 2.2.2 | 41.77 | 245.51 | 287.28 | OK | |
r-release-macos-arm64 | 2.2.2 | 13.00 | 86.00 | 99.00 | OK | |
r-release-macos-x86_64 | 2.2.2 | 29.00 | 287.00 | 316.00 | OK | |
r-release-windows-x86_64 | 2.2.2 | 53.00 | 480.00 | 533.00 | OK | |
r-oldrel-macos-arm64 | 2.2.2 | 17.00 | 96.00 | 113.00 | NOTE | |
r-oldrel-macos-x86_64 | 2.2.2 | 29.00 | 194.00 | 223.00 | NOTE | |
r-oldrel-windows-x86_64 | 2.2.2 | 69.00 | 548.00 | 617.00 | NOTE |
Version: 2.2.2
Check: HTML version of manual
Result: NOTE
Found the following HTML validation problems:
internal_extractors.html:57:1 (internal_extractors.Rd:18): Warning: missing </ul> before </div>
Flavors: r-devel-linux-x86_64-debian-clang, r-devel-linux-x86_64-debian-gcc
Version: 2.2.2
Check: installed package size
Result: NOTE
installed size is 7.8Mb
sub-directories of 1Mb or more:
doc 4.0Mb
libs 2.2Mb
Flavors: r-oldrel-macos-arm64, r-oldrel-macos-x86_64, r-oldrel-windows-x86_64