Last updated on 2025-07-04 09:49:52 CEST.
Flavor | Version | Tinstall | Tcheck | Ttotal | Status | Flags |
---|---|---|---|---|---|---|
r-devel-linux-x86_64-debian-clang | 1.2 | 17.79 | 115.44 | 133.23 | NOTE | |
r-devel-linux-x86_64-debian-gcc | 1.2 | 11.97 | 80.17 | 92.14 | NOTE | |
r-devel-linux-x86_64-fedora-clang | 1.2 | 203.04 | OK | |||
r-devel-linux-x86_64-fedora-gcc | 1.2 | 178.71 | OK | |||
r-devel-windows-x86_64 | 1.2 | 21.00 | 108.00 | 129.00 | OK | |
r-patched-linux-x86_64 | 1.2 | 15.40 | 108.39 | 123.79 | OK | |
r-release-linux-x86_64 | 1.2 | 14.27 | 107.24 | 121.51 | OK | |
r-release-macos-arm64 | 1.2 | 51.00 | OK | |||
r-release-macos-x86_64 | 1.2 | 95.00 | OK | |||
r-release-windows-x86_64 | 1.2 | 22.00 | 112.00 | 134.00 | OK | |
r-oldrel-macos-arm64 | 1.2 | 50.00 | NOTE | |||
r-oldrel-macos-x86_64 | 1.2 | 74.00 | NOTE | |||
r-oldrel-windows-x86_64 | 1.2 | 28.00 | 138.00 | 166.00 | NOTE |
Version: 1.2
Check: CRAN incoming feasibility
Result: NOTE
Maintainer: ‘Thomas Clarke <tclarke@jcvi.org>’
Package CITATION file contains call(s) to old-style personList() or
as.personList(). Please use c() on person objects instead.
Package CITATION file contains call(s) to old-style citEntry(). Please
use bibentry() instead.
Flavors: r-devel-linux-x86_64-debian-clang, r-devel-linux-x86_64-debian-gcc
Version: 1.2
Check: installed package size
Result: NOTE
installed size is 9.4Mb
sub-directories of 1Mb or more:
extdata 9.1Mb
Flavors: r-oldrel-macos-arm64, r-oldrel-macos-x86_64, r-oldrel-windows-x86_64