Last updated on 2025-07-04 09:49:52 CEST.
Flavor | Version | Tinstall | Tcheck | Ttotal | Status | Flags |
---|---|---|---|---|---|---|
r-devel-linux-x86_64-debian-clang | 0.0.6 | 6.04 | 85.82 | 91.86 | NOTE | |
r-devel-linux-x86_64-debian-gcc | 0.0.7 | 4.53 | 59.79 | 64.32 | OK | |
r-devel-linux-x86_64-fedora-clang | 0.0.7 | 142.28 | OK | |||
r-devel-linux-x86_64-fedora-gcc | 0.0.7 | 158.99 | OK | |||
r-devel-windows-x86_64 | 0.0.7 | 10.00 | 97.00 | 107.00 | OK | |
r-patched-linux-x86_64 | 0.0.7 | 6.70 | 80.23 | 86.93 | OK | |
r-release-linux-x86_64 | 0.0.6 | 6.64 | 80.44 | 87.08 | NOTE | |
r-release-macos-arm64 | 0.0.6 | 40.00 | NOTE | |||
r-release-macos-x86_64 | 0.0.7 | 81.00 | OK | |||
r-release-windows-x86_64 | 0.0.7 | 9.00 | 86.00 | 95.00 | OK | |
r-oldrel-macos-arm64 | 0.0.6 | 47.00 | OK | |||
r-oldrel-macos-x86_64 | 0.0.7 | 92.00 | OK | |||
r-oldrel-windows-x86_64 | 0.0.7 | 12.00 | 108.00 | 120.00 | OK |
Version: 0.0.6
Check: DESCRIPTION meta-information
Result: NOTE
Missing dependency on R >= 4.1.0 because package code uses the pipe
|> or function shorthand \(...) syntax added in R 4.1.0.
File(s) using such syntax:
‘cnet.r’ ‘graph.r’
Flavors: r-devel-linux-x86_64-debian-clang, r-release-linux-x86_64, r-release-macos-arm64