Last updated on 2025-07-04 09:49:52 CEST.
Flavor | Version | Tinstall | Tcheck | Ttotal | Status | Flags |
---|---|---|---|---|---|---|
r-devel-linux-x86_64-debian-clang | 1.1.2 | 91.34 | 52.13 | 143.47 | OK | |
r-devel-linux-x86_64-debian-gcc | 1.1.2 | 71.02 | 38.67 | 109.69 | OK | |
r-devel-linux-x86_64-fedora-clang | 1.1.2 | 272.14 | OK | |||
r-devel-linux-x86_64-fedora-gcc | 1.1.2 | 247.01 | OK | |||
r-devel-windows-x86_64 | 1.1.2 | 166.00 | 95.00 | 261.00 | OK | |
r-patched-linux-x86_64 | 1.1.2 | 102.76 | 46.53 | 149.29 | OK | |
r-release-linux-x86_64 | 1.1.2 | 96.14 | 46.21 | 142.35 | OK | |
r-release-macos-arm64 | 1.1.2 | 60.00 | OK | |||
r-release-macos-x86_64 | 1.1.2 | 71.00 | OK | |||
r-release-windows-x86_64 | 1.1.2 | 170.00 | 92.00 | 262.00 | OK | |
r-oldrel-macos-arm64 | 1.1.2 | 65.00 | NOTE | |||
r-oldrel-macos-x86_64 | 1.1.2 | 87.00 | NOTE | |||
r-oldrel-windows-x86_64 | 1.1.2 | 198.00 | 103.00 | 301.00 | NOTE |
Version: 1.1.2
Check: installed package size
Result: NOTE
installed size is 7.4Mb
sub-directories of 1Mb or more:
libs 7.1Mb
Flavors: r-oldrel-macos-arm64, r-oldrel-macos-x86_64
Version: 1.1.2
Check: for GNU extensions in Makefiles
Result: NOTE
GNU make is a SystemRequirements.
Flavors: r-oldrel-macos-arm64, r-oldrel-macos-x86_64, r-oldrel-windows-x86_64