CRAN Package Check Results for Package gistr

Last updated on 2025-10-22 09:50:34 CEST.

Flavor Version Tinstall Tcheck Ttotal Status Flags
r-devel-linux-x86_64-debian-clang 0.9.0 5.77 51.33 57.10 NOTE
r-devel-linux-x86_64-debian-gcc 0.9.0 4.38 37.51 41.89 NOTE
r-devel-linux-x86_64-fedora-clang 0.9.0 16.00 68.11 84.11 OK
r-devel-linux-x86_64-fedora-gcc 0.9.0 12.00 78.01 90.01 OK
r-devel-windows-x86_64 0.9.0 8.00 68.00 76.00 OK
r-patched-linux-x86_64 0.9.0 6.28 46.37 52.65 OK
r-release-linux-x86_64 0.9.0 5.68 46.35 52.03 OK
r-release-macos-arm64 0.9.0 3.00 43.00 46.00 OK
r-release-macos-x86_64 0.9.0 5.00 59.00 64.00 OK
r-release-windows-x86_64 0.9.0 9.00 69.00 78.00 OK
r-oldrel-macos-arm64 0.9.0 2.00 33.00 35.00 OK
r-oldrel-macos-x86_64 0.9.0 5.00 50.00 55.00 OK
r-oldrel-windows-x86_64 0.9.0 10.00 82.00 92.00 OK

Check Details

Version: 0.9.0
Check: HTML version of manual
Result: NOTE Found the following HTML validation problems: browse.html:50:1 (browse.Rd:12): Warning: missing </ul> before </div> Flavors: r-devel-linux-x86_64-debian-clang, r-devel-linux-x86_64-debian-gcc